{"id":1175,"date":"2016-06-21T12:48:51","date_gmt":"2016-06-21T12:48:51","guid":{"rendered":"http:\/\/josmaequipamiento.es\/?post_type=product&#038;p=1175"},"modified":"2016-08-07T17:55:38","modified_gmt":"2016-08-07T17:55:38","slug":"encimeras-fenolicas-para-lavabos","status":"publish","type":"product","link":"https:\/\/josmaequipamiento.es\/?product=encimeras-fenolicas-para-lavabos","title":{"rendered":"Encimeras Fen\u00f3licas para Lavabos"},"content":{"rendered":"<p><span style=\"color: #000000; font-family: Calibri; font-size: medium;\">Las encimeras es un complemento perfecto en ba\u00f1os de colegios, polideportivos, hospitales, etc. por su durabilidad, limpieza, resistencia a la humedad, golpes y rozaduras as\u00ed como a las agresiones de los agentes qu\u00edmicos. Fabricadas en tablero compacto fen\u00f3lico de 12 mm. Montadas mediante estructura de acero pintado de 30x30x1,5 mm y pletina de 6 mm fijada a pared con torniller\u00eda\u00a0 y opci\u00f3n en acero inoxidable. Profundidad est\u00e1ndar de 600 mm con z\u00f3calo superior y fald\u00f3n inferior. Agujeros de los lavabos mecanizados seg\u00fan modelo solicitado. Las encimeras se fabrican a medida, por ello la necesidad de un plano o croquis acotado. NO INCLUYE LA FIJACI\u00d3N DE LAVABOS, NI LOS ORIFICIOS PARA LA GRIFERIA.<\/span><\/p>\n","protected":false},"excerpt":{"rendered":"<p><span style=\"color: #000000; font-family: Calibri; font-size: medium;\">Las encimeras es un complemento perfecto en ba\u00f1os de colegios, polideportivos, hospitales, etc. por su durabilidad, limpieza, resistencia a la humedad, golpes y rozaduras as\u00ed como a las agresiones de los agentes qu\u00edmicos.<\/span><\/p>\n","protected":false},"featured_media":2503,"comment_status":"open","ping_status":"closed","template":"","meta":{"_et_pb_use_builder":"","_et_pb_old_content":"","_et_gb_content_width":""},"product_brand":[],"product_cat":[84,89],"product_tag":[200],"class_list":{"0":"post-1175","1":"product","2":"type-product","3":"status-publish","4":"has-post-thumbnail","6":"product_cat-3-division-de-espacios","7":"product_cat-cabinas-fenolicas","8":"product_tag-equipamiento-fenolico","10":"first","11":"instock","12":"shipping-taxable","13":"product-type-simple"},"yoast_head":"<!-- This site is optimized with the Yoast SEO plugin v27.3 - https:\/\/yoast.com\/product\/yoast-seo-wordpress\/ -->\n<title>Encimeras Fen\u00f3licas para Lavabos - Josma Equipamiento<\/title>\n<meta name=\"robots\" content=\"index, follow, max-snippet:-1, max-image-preview:large, max-video-preview:-1\" \/>\n<link rel=\"canonical\" href=\"https:\/\/josmaequipamiento.es\/?product=encimeras-fenolicas-para-lavabos\" \/>\n<meta property=\"og:locale\" content=\"es_ES\" \/>\n<meta property=\"og:type\" content=\"article\" \/>\n<meta property=\"og:title\" content=\"Encimeras Fen\u00f3licas para Lavabos - Josma Equipamiento\" \/>\n<meta property=\"og:description\" content=\"Las encimeras es un complemento perfecto en ba\u00f1os de colegios, polideportivos, hospitales, etc. por su durabilidad, limpieza, resistencia a la humedad, golpes y rozaduras as\u00ed como a las agresiones de los agentes qu\u00edmicos.\" \/>\n<meta property=\"og:url\" content=\"https:\/\/josmaequipamiento.es\/?product=encimeras-fenolicas-para-lavabos\" \/>\n<meta property=\"og:site_name\" content=\"Josma Equipamiento\" \/>\n<meta property=\"article:modified_time\" content=\"2016-08-07T17:55:38+00:00\" \/>\n<meta property=\"og:image\" content=\"https:\/\/josmaequipamiento.es\/wp-content\/uploads\/2016\/06\/Encimera-1.jpg\" \/>\n\t<meta property=\"og:image:width\" content=\"640\" \/>\n\t<meta property=\"og:image:height\" content=\"480\" \/>\n\t<meta property=\"og:image:type\" content=\"image\/jpeg\" \/>\n<meta name=\"twitter:card\" content=\"summary_large_image\" \/>\n<meta name=\"twitter:label1\" content=\"Tiempo de lectura\" \/>\n\t<meta name=\"twitter:data1\" content=\"1 minuto\" \/>\n<script type=\"application\/ld+json\" class=\"yoast-schema-graph\">{\"@context\":\"https:\\\/\\\/schema.org\",\"@graph\":[{\"@type\":\"WebPage\",\"@id\":\"https:\\\/\\\/josmaequipamiento.es\\\/?product=encimeras-fenolicas-para-lavabos\",\"url\":\"https:\\\/\\\/josmaequipamiento.es\\\/?product=encimeras-fenolicas-para-lavabos\",\"name\":\"Encimeras Fen\u00f3licas para Lavabos - Josma Equipamiento\",\"isPartOf\":{\"@id\":\"http:\\\/\\\/josmaequipamiento.es\\\/#website\"},\"primaryImageOfPage\":{\"@id\":\"https:\\\/\\\/josmaequipamiento.es\\\/?product=encimeras-fenolicas-para-lavabos#primaryimage\"},\"image\":{\"@id\":\"https:\\\/\\\/josmaequipamiento.es\\\/?product=encimeras-fenolicas-para-lavabos#primaryimage\"},\"thumbnailUrl\":\"https:\\\/\\\/josmaequipamiento.es\\\/wp-content\\\/uploads\\\/2016\\\/06\\\/Encimera-1.jpg\",\"datePublished\":\"2016-06-21T12:48:51+00:00\",\"dateModified\":\"2016-08-07T17:55:38+00:00\",\"breadcrumb\":{\"@id\":\"https:\\\/\\\/josmaequipamiento.es\\\/?product=encimeras-fenolicas-para-lavabos#breadcrumb\"},\"inLanguage\":\"es\",\"potentialAction\":[{\"@type\":\"ReadAction\",\"target\":[\"https:\\\/\\\/josmaequipamiento.es\\\/?product=encimeras-fenolicas-para-lavabos\"]}]},{\"@type\":\"ImageObject\",\"inLanguage\":\"es\",\"@id\":\"https:\\\/\\\/josmaequipamiento.es\\\/?product=encimeras-fenolicas-para-lavabos#primaryimage\",\"url\":\"https:\\\/\\\/josmaequipamiento.es\\\/wp-content\\\/uploads\\\/2016\\\/06\\\/Encimera-1.jpg\",\"contentUrl\":\"https:\\\/\\\/josmaequipamiento.es\\\/wp-content\\\/uploads\\\/2016\\\/06\\\/Encimera-1.jpg\",\"width\":640,\"height\":480},{\"@type\":\"BreadcrumbList\",\"@id\":\"https:\\\/\\\/josmaequipamiento.es\\\/?product=encimeras-fenolicas-para-lavabos#breadcrumb\",\"itemListElement\":[{\"@type\":\"ListItem\",\"position\":1,\"name\":\"Home\",\"item\":\"http:\\\/\\\/josmaequipamiento.es\\\/\"},{\"@type\":\"ListItem\",\"position\":2,\"name\":\"Productos\",\"item\":\"http:\\\/\\\/josmaequipamiento.es\\\/?page_id=109\"},{\"@type\":\"ListItem\",\"position\":3,\"name\":\"Encimeras Fen\u00f3licas para Lavabos\"}]},{\"@type\":\"WebSite\",\"@id\":\"http:\\\/\\\/josmaequipamiento.es\\\/#website\",\"url\":\"http:\\\/\\\/josmaequipamiento.es\\\/\",\"name\":\"Josma Equipamiento\",\"description\":\"Todo lo relativo a equipamiento\",\"potentialAction\":[{\"@type\":\"SearchAction\",\"target\":{\"@type\":\"EntryPoint\",\"urlTemplate\":\"http:\\\/\\\/josmaequipamiento.es\\\/?s={search_term_string}\"},\"query-input\":{\"@type\":\"PropertyValueSpecification\",\"valueRequired\":true,\"valueName\":\"search_term_string\"}}],\"inLanguage\":\"es\"}]}<\/script>\n<!-- \/ Yoast SEO plugin. -->","yoast_head_json":{"title":"Encimeras Fen\u00f3licas para Lavabos - Josma Equipamiento","robots":{"index":"index","follow":"follow","max-snippet":"max-snippet:-1","max-image-preview":"max-image-preview:large","max-video-preview":"max-video-preview:-1"},"canonical":"https:\/\/josmaequipamiento.es\/?product=encimeras-fenolicas-para-lavabos","og_locale":"es_ES","og_type":"article","og_title":"Encimeras Fen\u00f3licas para Lavabos - Josma Equipamiento","og_description":"Las encimeras es un complemento perfecto en ba\u00f1os de colegios, polideportivos, hospitales, etc. por su durabilidad, limpieza, resistencia a la humedad, golpes y rozaduras as\u00ed como a las agresiones de los agentes qu\u00edmicos.","og_url":"https:\/\/josmaequipamiento.es\/?product=encimeras-fenolicas-para-lavabos","og_site_name":"Josma Equipamiento","article_modified_time":"2016-08-07T17:55:38+00:00","og_image":[{"width":640,"height":480,"url":"https:\/\/josmaequipamiento.es\/wp-content\/uploads\/2016\/06\/Encimera-1.jpg","type":"image\/jpeg"}],"twitter_card":"summary_large_image","twitter_misc":{"Tiempo de lectura":"1 minuto"},"schema":{"@context":"https:\/\/schema.org","@graph":[{"@type":"WebPage","@id":"https:\/\/josmaequipamiento.es\/?product=encimeras-fenolicas-para-lavabos","url":"https:\/\/josmaequipamiento.es\/?product=encimeras-fenolicas-para-lavabos","name":"Encimeras Fen\u00f3licas para Lavabos - Josma Equipamiento","isPartOf":{"@id":"http:\/\/josmaequipamiento.es\/#website"},"primaryImageOfPage":{"@id":"https:\/\/josmaequipamiento.es\/?product=encimeras-fenolicas-para-lavabos#primaryimage"},"image":{"@id":"https:\/\/josmaequipamiento.es\/?product=encimeras-fenolicas-para-lavabos#primaryimage"},"thumbnailUrl":"https:\/\/josmaequipamiento.es\/wp-content\/uploads\/2016\/06\/Encimera-1.jpg","datePublished":"2016-06-21T12:48:51+00:00","dateModified":"2016-08-07T17:55:38+00:00","breadcrumb":{"@id":"https:\/\/josmaequipamiento.es\/?product=encimeras-fenolicas-para-lavabos#breadcrumb"},"inLanguage":"es","potentialAction":[{"@type":"ReadAction","target":["https:\/\/josmaequipamiento.es\/?product=encimeras-fenolicas-para-lavabos"]}]},{"@type":"ImageObject","inLanguage":"es","@id":"https:\/\/josmaequipamiento.es\/?product=encimeras-fenolicas-para-lavabos#primaryimage","url":"https:\/\/josmaequipamiento.es\/wp-content\/uploads\/2016\/06\/Encimera-1.jpg","contentUrl":"https:\/\/josmaequipamiento.es\/wp-content\/uploads\/2016\/06\/Encimera-1.jpg","width":640,"height":480},{"@type":"BreadcrumbList","@id":"https:\/\/josmaequipamiento.es\/?product=encimeras-fenolicas-para-lavabos#breadcrumb","itemListElement":[{"@type":"ListItem","position":1,"name":"Home","item":"http:\/\/josmaequipamiento.es\/"},{"@type":"ListItem","position":2,"name":"Productos","item":"http:\/\/josmaequipamiento.es\/?page_id=109"},{"@type":"ListItem","position":3,"name":"Encimeras Fen\u00f3licas para Lavabos"}]},{"@type":"WebSite","@id":"http:\/\/josmaequipamiento.es\/#website","url":"http:\/\/josmaequipamiento.es\/","name":"Josma Equipamiento","description":"Todo lo relativo a equipamiento","potentialAction":[{"@type":"SearchAction","target":{"@type":"EntryPoint","urlTemplate":"http:\/\/josmaequipamiento.es\/?s={search_term_string}"},"query-input":{"@type":"PropertyValueSpecification","valueRequired":true,"valueName":"search_term_string"}}],"inLanguage":"es"}]}},"_links":{"self":[{"href":"https:\/\/josmaequipamiento.es\/index.php?rest_route=\/wp\/v2\/product\/1175","targetHints":{"allow":["GET"]}}],"collection":[{"href":"https:\/\/josmaequipamiento.es\/index.php?rest_route=\/wp\/v2\/product"}],"about":[{"href":"https:\/\/josmaequipamiento.es\/index.php?rest_route=\/wp\/v2\/types\/product"}],"replies":[{"embeddable":true,"href":"https:\/\/josmaequipamiento.es\/index.php?rest_route=%2Fwp%2Fv2%2Fcomments&post=1175"}],"wp:featuredmedia":[{"embeddable":true,"href":"https:\/\/josmaequipamiento.es\/index.php?rest_route=\/wp\/v2\/media\/2503"}],"wp:attachment":[{"href":"https:\/\/josmaequipamiento.es\/index.php?rest_route=%2Fwp%2Fv2%2Fmedia&parent=1175"}],"wp:term":[{"taxonomy":"product_brand","embeddable":true,"href":"https:\/\/josmaequipamiento.es\/index.php?rest_route=%2Fwp%2Fv2%2Fproduct_brand&post=1175"},{"taxonomy":"product_cat","embeddable":true,"href":"https:\/\/josmaequipamiento.es\/index.php?rest_route=%2Fwp%2Fv2%2Fproduct_cat&post=1175"},{"taxonomy":"product_tag","embeddable":true,"href":"https:\/\/josmaequipamiento.es\/index.php?rest_route=%2Fwp%2Fv2%2Fproduct_tag&post=1175"}],"curies":[{"name":"wp","href":"https:\/\/api.w.org\/{rel}","templated":true}]}}