{"id":1248,"date":"2016-06-22T16:12:29","date_gmt":"2016-06-22T16:12:29","guid":{"rendered":"http:\/\/josmaequipamiento.es\/?post_type=product&#038;p=1248"},"modified":"2016-08-10T08:31:08","modified_gmt":"2016-08-10T08:31:08","slug":"entreplantas-desmontables","status":"publish","type":"product","link":"https:\/\/josmaequipamiento.es\/?product=entreplantas-desmontables","title":{"rendered":"Entreplantas Desmontables"},"content":{"rendered":"<p>Estructuras met\u00e1licas desmontables y vers\u00e1tiles son un sistema de almacenamiento realmente competitivo. Ideales para naves industriales, f\u00e1bricas, etc.<\/p>\n<p>Se dise\u00f1an la estructura acorde a sus necesidades: Altura, dimensiones, capacidad de carga, resistencia, suelo, escalera, rampa, barandilla, etc.<\/p>\n<p>Est\u00e1n construidos con vigas principales de perfiles laminados en caliente tipo HEB, IPN. Las vigas secundarias son de acero conformado en fr\u00edo tipo C \u00f3 Z con acabados galvanizados. V\u00e1lidas para la gran mayor\u00eda de distancias entre pilares y cargas.<\/p>\n<p>Son una soluci\u00f3n \u00f3ptima para cargas ligeras y medias, 300 \u2013 600 Kg\/m2,<\/p>\n<p>Diferentes tipos de suelo de tableros de madera en todas sus versiones (aglomerados, DM, ign\u00edfugos, hidr\u00f3fugos, machihembrados o sistemas constructivos con chapa trapezoidal m\u00e1s tablero de madera.<\/p>\n","protected":false},"excerpt":{"rendered":"<p>Estructuras met\u00e1licas desmontables y vers\u00e1tiles son un sistema de almacenamiento realmente competitivo. Ideales para naves industriales, f\u00e1bricas, etc. Se dise\u00f1an la estructura acorde a sus necesidades: Altura, dimensiones, capacidad de carga, resistencia, suelo, escalera, rampa, barandilla, etc. Est\u00e1n construidos con vigas principales de perfiles laminados en caliente tipo HEB, IPN. Las vigas secundarias son de [&hellip;]<\/p>\n","protected":false},"featured_media":2516,"comment_status":"open","ping_status":"closed","template":"","meta":{"_et_pb_use_builder":"","_et_pb_old_content":"","_et_gb_content_width":""},"product_brand":[],"product_cat":[90,94],"product_tag":[203],"class_list":{"0":"post-1248","1":"product","2":"type-product","3":"status-publish","4":"has-post-thumbnail","6":"product_cat-estanterias","7":"product_cat-entreplantas","8":"product_tag-almacenaje-industrial","10":"first","11":"instock","12":"shipping-taxable","13":"product-type-simple"},"yoast_head":"<!-- This site is optimized with the Yoast SEO plugin v27.3 - https:\/\/yoast.com\/product\/yoast-seo-wordpress\/ -->\n<title>Entreplantas Desmontables - Josma Equipamiento<\/title>\n<meta name=\"robots\" content=\"index, follow, max-snippet:-1, max-image-preview:large, max-video-preview:-1\" \/>\n<link rel=\"canonical\" href=\"https:\/\/josmaequipamiento.es\/?product=entreplantas-desmontables\" \/>\n<meta property=\"og:locale\" content=\"es_ES\" \/>\n<meta property=\"og:type\" content=\"article\" \/>\n<meta property=\"og:title\" content=\"Entreplantas Desmontables - Josma Equipamiento\" \/>\n<meta property=\"og:description\" content=\"Estructuras met\u00e1licas desmontables y vers\u00e1tiles son un sistema de almacenamiento realmente competitivo. Ideales para naves industriales, f\u00e1bricas, etc. Se dise\u00f1an la estructura acorde a sus necesidades: Altura, dimensiones, capacidad de carga, resistencia, suelo, escalera, rampa, barandilla, etc. Est\u00e1n construidos con vigas principales de perfiles laminados en caliente tipo HEB, IPN. Las vigas secundarias son de [&hellip;]\" \/>\n<meta property=\"og:url\" content=\"https:\/\/josmaequipamiento.es\/?product=entreplantas-desmontables\" \/>\n<meta property=\"og:site_name\" content=\"Josma Equipamiento\" \/>\n<meta property=\"article:modified_time\" content=\"2016-08-10T08:31:08+00:00\" \/>\n<meta property=\"og:image\" content=\"https:\/\/josmaequipamiento.es\/wp-content\/uploads\/2016\/06\/1-entraplanta-1.jpg\" \/>\n\t<meta property=\"og:image:width\" content=\"640\" \/>\n\t<meta property=\"og:image:height\" content=\"480\" \/>\n\t<meta property=\"og:image:type\" content=\"image\/jpeg\" \/>\n<meta name=\"twitter:card\" content=\"summary_large_image\" \/>\n<meta name=\"twitter:label1\" content=\"Tiempo de lectura\" \/>\n\t<meta name=\"twitter:data1\" content=\"1 minuto\" \/>\n<script type=\"application\/ld+json\" class=\"yoast-schema-graph\">{\"@context\":\"https:\\\/\\\/schema.org\",\"@graph\":[{\"@type\":\"WebPage\",\"@id\":\"https:\\\/\\\/josmaequipamiento.es\\\/?product=entreplantas-desmontables\",\"url\":\"https:\\\/\\\/josmaequipamiento.es\\\/?product=entreplantas-desmontables\",\"name\":\"Entreplantas Desmontables - Josma Equipamiento\",\"isPartOf\":{\"@id\":\"http:\\\/\\\/josmaequipamiento.es\\\/#website\"},\"primaryImageOfPage\":{\"@id\":\"https:\\\/\\\/josmaequipamiento.es\\\/?product=entreplantas-desmontables#primaryimage\"},\"image\":{\"@id\":\"https:\\\/\\\/josmaequipamiento.es\\\/?product=entreplantas-desmontables#primaryimage\"},\"thumbnailUrl\":\"https:\\\/\\\/josmaequipamiento.es\\\/wp-content\\\/uploads\\\/2016\\\/06\\\/1-entraplanta-1.jpg\",\"datePublished\":\"2016-06-22T16:12:29+00:00\",\"dateModified\":\"2016-08-10T08:31:08+00:00\",\"breadcrumb\":{\"@id\":\"https:\\\/\\\/josmaequipamiento.es\\\/?product=entreplantas-desmontables#breadcrumb\"},\"inLanguage\":\"es\",\"potentialAction\":[{\"@type\":\"ReadAction\",\"target\":[\"https:\\\/\\\/josmaequipamiento.es\\\/?product=entreplantas-desmontables\"]}]},{\"@type\":\"ImageObject\",\"inLanguage\":\"es\",\"@id\":\"https:\\\/\\\/josmaequipamiento.es\\\/?product=entreplantas-desmontables#primaryimage\",\"url\":\"https:\\\/\\\/josmaequipamiento.es\\\/wp-content\\\/uploads\\\/2016\\\/06\\\/1-entraplanta-1.jpg\",\"contentUrl\":\"https:\\\/\\\/josmaequipamiento.es\\\/wp-content\\\/uploads\\\/2016\\\/06\\\/1-entraplanta-1.jpg\",\"width\":640,\"height\":480},{\"@type\":\"BreadcrumbList\",\"@id\":\"https:\\\/\\\/josmaequipamiento.es\\\/?product=entreplantas-desmontables#breadcrumb\",\"itemListElement\":[{\"@type\":\"ListItem\",\"position\":1,\"name\":\"Home\",\"item\":\"http:\\\/\\\/josmaequipamiento.es\\\/\"},{\"@type\":\"ListItem\",\"position\":2,\"name\":\"Productos\",\"item\":\"http:\\\/\\\/josmaequipamiento.es\\\/?page_id=109\"},{\"@type\":\"ListItem\",\"position\":3,\"name\":\"Entreplantas Desmontables\"}]},{\"@type\":\"WebSite\",\"@id\":\"http:\\\/\\\/josmaequipamiento.es\\\/#website\",\"url\":\"http:\\\/\\\/josmaequipamiento.es\\\/\",\"name\":\"Josma Equipamiento\",\"description\":\"Todo lo relativo a equipamiento\",\"potentialAction\":[{\"@type\":\"SearchAction\",\"target\":{\"@type\":\"EntryPoint\",\"urlTemplate\":\"http:\\\/\\\/josmaequipamiento.es\\\/?s={search_term_string}\"},\"query-input\":{\"@type\":\"PropertyValueSpecification\",\"valueRequired\":true,\"valueName\":\"search_term_string\"}}],\"inLanguage\":\"es\"}]}<\/script>\n<!-- \/ Yoast SEO plugin. -->","yoast_head_json":{"title":"Entreplantas Desmontables - Josma Equipamiento","robots":{"index":"index","follow":"follow","max-snippet":"max-snippet:-1","max-image-preview":"max-image-preview:large","max-video-preview":"max-video-preview:-1"},"canonical":"https:\/\/josmaequipamiento.es\/?product=entreplantas-desmontables","og_locale":"es_ES","og_type":"article","og_title":"Entreplantas Desmontables - Josma Equipamiento","og_description":"Estructuras met\u00e1licas desmontables y vers\u00e1tiles son un sistema de almacenamiento realmente competitivo. Ideales para naves industriales, f\u00e1bricas, etc. Se dise\u00f1an la estructura acorde a sus necesidades: Altura, dimensiones, capacidad de carga, resistencia, suelo, escalera, rampa, barandilla, etc. Est\u00e1n construidos con vigas principales de perfiles laminados en caliente tipo HEB, IPN. Las vigas secundarias son de [&hellip;]","og_url":"https:\/\/josmaequipamiento.es\/?product=entreplantas-desmontables","og_site_name":"Josma Equipamiento","article_modified_time":"2016-08-10T08:31:08+00:00","og_image":[{"width":640,"height":480,"url":"https:\/\/josmaequipamiento.es\/wp-content\/uploads\/2016\/06\/1-entraplanta-1.jpg","type":"image\/jpeg"}],"twitter_card":"summary_large_image","twitter_misc":{"Tiempo de lectura":"1 minuto"},"schema":{"@context":"https:\/\/schema.org","@graph":[{"@type":"WebPage","@id":"https:\/\/josmaequipamiento.es\/?product=entreplantas-desmontables","url":"https:\/\/josmaequipamiento.es\/?product=entreplantas-desmontables","name":"Entreplantas Desmontables - Josma Equipamiento","isPartOf":{"@id":"http:\/\/josmaequipamiento.es\/#website"},"primaryImageOfPage":{"@id":"https:\/\/josmaequipamiento.es\/?product=entreplantas-desmontables#primaryimage"},"image":{"@id":"https:\/\/josmaequipamiento.es\/?product=entreplantas-desmontables#primaryimage"},"thumbnailUrl":"https:\/\/josmaequipamiento.es\/wp-content\/uploads\/2016\/06\/1-entraplanta-1.jpg","datePublished":"2016-06-22T16:12:29+00:00","dateModified":"2016-08-10T08:31:08+00:00","breadcrumb":{"@id":"https:\/\/josmaequipamiento.es\/?product=entreplantas-desmontables#breadcrumb"},"inLanguage":"es","potentialAction":[{"@type":"ReadAction","target":["https:\/\/josmaequipamiento.es\/?product=entreplantas-desmontables"]}]},{"@type":"ImageObject","inLanguage":"es","@id":"https:\/\/josmaequipamiento.es\/?product=entreplantas-desmontables#primaryimage","url":"https:\/\/josmaequipamiento.es\/wp-content\/uploads\/2016\/06\/1-entraplanta-1.jpg","contentUrl":"https:\/\/josmaequipamiento.es\/wp-content\/uploads\/2016\/06\/1-entraplanta-1.jpg","width":640,"height":480},{"@type":"BreadcrumbList","@id":"https:\/\/josmaequipamiento.es\/?product=entreplantas-desmontables#breadcrumb","itemListElement":[{"@type":"ListItem","position":1,"name":"Home","item":"http:\/\/josmaequipamiento.es\/"},{"@type":"ListItem","position":2,"name":"Productos","item":"http:\/\/josmaequipamiento.es\/?page_id=109"},{"@type":"ListItem","position":3,"name":"Entreplantas Desmontables"}]},{"@type":"WebSite","@id":"http:\/\/josmaequipamiento.es\/#website","url":"http:\/\/josmaequipamiento.es\/","name":"Josma Equipamiento","description":"Todo lo relativo a equipamiento","potentialAction":[{"@type":"SearchAction","target":{"@type":"EntryPoint","urlTemplate":"http:\/\/josmaequipamiento.es\/?s={search_term_string}"},"query-input":{"@type":"PropertyValueSpecification","valueRequired":true,"valueName":"search_term_string"}}],"inLanguage":"es"}]}},"_links":{"self":[{"href":"https:\/\/josmaequipamiento.es\/index.php?rest_route=\/wp\/v2\/product\/1248","targetHints":{"allow":["GET"]}}],"collection":[{"href":"https:\/\/josmaequipamiento.es\/index.php?rest_route=\/wp\/v2\/product"}],"about":[{"href":"https:\/\/josmaequipamiento.es\/index.php?rest_route=\/wp\/v2\/types\/product"}],"replies":[{"embeddable":true,"href":"https:\/\/josmaequipamiento.es\/index.php?rest_route=%2Fwp%2Fv2%2Fcomments&post=1248"}],"wp:featuredmedia":[{"embeddable":true,"href":"https:\/\/josmaequipamiento.es\/index.php?rest_route=\/wp\/v2\/media\/2516"}],"wp:attachment":[{"href":"https:\/\/josmaequipamiento.es\/index.php?rest_route=%2Fwp%2Fv2%2Fmedia&parent=1248"}],"wp:term":[{"taxonomy":"product_brand","embeddable":true,"href":"https:\/\/josmaequipamiento.es\/index.php?rest_route=%2Fwp%2Fv2%2Fproduct_brand&post=1248"},{"taxonomy":"product_cat","embeddable":true,"href":"https:\/\/josmaequipamiento.es\/index.php?rest_route=%2Fwp%2Fv2%2Fproduct_cat&post=1248"},{"taxonomy":"product_tag","embeddable":true,"href":"https:\/\/josmaequipamiento.es\/index.php?rest_route=%2Fwp%2Fv2%2Fproduct_tag&post=1248"}],"curies":[{"name":"wp","href":"https:\/\/api.w.org\/{rel}","templated":true}]}}