{"id":1325,"date":"2016-06-24T14:36:58","date_gmt":"2016-06-24T14:36:58","guid":{"rendered":"http:\/\/josmaequipamiento.es\/?post_type=product&#038;p=1325"},"modified":"2016-08-08T14:18:10","modified_gmt":"2016-08-08T14:18:10","slug":"estanterias-galvanizadas","status":"publish","type":"product","link":"https:\/\/josmaequipamiento.es\/?product=estanterias-galvanizadas","title":{"rendered":"Estanter\u00edas Galvanizadas"},"content":{"rendered":"<p><span style=\"color: #000000; font-family: Calibri; font-size: medium;\">Estanter\u00eda met\u00e1lica galvanizada ideal para su almac\u00e9n, taller, garaje o uso dom\u00e9stico.<\/span><\/p>\n<p><span style=\"color: #000000; font-family: Calibri; font-size: medium;\">Es una estanter\u00eda met\u00e1lica pre galvanizada, s\u00f3lida y estable con soporte de hasta 280 kgs. por nivel. Su material y dise\u00f1o la convierte en perfecta para exteriores, as\u00ed como para ordenar espacios interiores.<\/span><\/p>\n<p><span style=\"color: #000000; font-family: Calibri; font-size: medium;\">Podr\u00edamos decir que la estanter\u00eda es pr\u00e1cticamente inoxidable, lo que la hace perfectamente v\u00e1lida para su uso en c\u00e1maras de fr\u00edo y congelaci\u00f3n,<\/span><\/p>\n<p><span style=\"color: #000000; font-family: Calibri; font-size: medium;\">La estanter\u00eda galvanizada se monta f\u00e1cilmente sin tornillos, en muy poco tiempo. En resumen, es una estanter\u00eda para toda la vida.<\/span><\/p>\n","protected":false},"excerpt":{"rendered":"<p><span style=\"color: #000000; font-family: Calibri; font-size: medium;\">Podr\u00edamos decir que la estanter\u00eda es pr\u00e1cticamente inoxidable, lo que la hace perfectamente v\u00e1lida para su uso en c\u00e1maras de fr\u00edo y congelaci\u00f3n.<\/span><\/p>\n","protected":false},"featured_media":1326,"comment_status":"open","ping_status":"closed","template":"","meta":{"_et_pb_use_builder":"","_et_pb_old_content":"","_et_gb_content_width":""},"product_brand":[],"product_cat":[90,93],"product_tag":[203],"class_list":{"0":"post-1325","1":"product","2":"type-product","3":"status-publish","4":"has-post-thumbnail","6":"product_cat-estanterias","7":"product_cat-estanterias-almacen","8":"product_tag-almacenaje-industrial","10":"first","11":"instock","12":"shipping-taxable","13":"product-type-simple"},"yoast_head":"<!-- This site is optimized with the Yoast SEO plugin v27.3 - https:\/\/yoast.com\/product\/yoast-seo-wordpress\/ -->\n<title>Estanter\u00edas Galvanizadas - Josma Equipamiento<\/title>\n<meta name=\"robots\" content=\"index, follow, max-snippet:-1, max-image-preview:large, max-video-preview:-1\" \/>\n<link rel=\"canonical\" href=\"https:\/\/josmaequipamiento.es\/?product=estanterias-galvanizadas\" \/>\n<meta property=\"og:locale\" content=\"es_ES\" \/>\n<meta property=\"og:type\" content=\"article\" \/>\n<meta property=\"og:title\" content=\"Estanter\u00edas Galvanizadas - Josma Equipamiento\" \/>\n<meta property=\"og:description\" content=\"Podr\u00edamos decir que la estanter\u00eda es pr\u00e1cticamente inoxidable, lo que la hace perfectamente v\u00e1lida para su uso en c\u00e1maras de fr\u00edo y congelaci\u00f3n.\" \/>\n<meta property=\"og:url\" content=\"https:\/\/josmaequipamiento.es\/?product=estanterias-galvanizadas\" \/>\n<meta property=\"og:site_name\" content=\"Josma Equipamiento\" \/>\n<meta property=\"article:modified_time\" content=\"2016-08-08T14:18:10+00:00\" \/>\n<meta property=\"og:image\" content=\"https:\/\/josmaequipamiento.es\/wp-content\/uploads\/2016\/06\/est_galv-7.jpg\" \/>\n\t<meta property=\"og:image:width\" content=\"480\" \/>\n\t<meta property=\"og:image:height\" content=\"498\" \/>\n\t<meta property=\"og:image:type\" content=\"image\/jpeg\" \/>\n<meta name=\"twitter:card\" content=\"summary_large_image\" \/>\n<meta name=\"twitter:label1\" content=\"Tiempo de lectura\" \/>\n\t<meta name=\"twitter:data1\" content=\"1 minuto\" \/>\n<script type=\"application\/ld+json\" class=\"yoast-schema-graph\">{\"@context\":\"https:\\\/\\\/schema.org\",\"@graph\":[{\"@type\":\"WebPage\",\"@id\":\"https:\\\/\\\/josmaequipamiento.es\\\/?product=estanterias-galvanizadas\",\"url\":\"https:\\\/\\\/josmaequipamiento.es\\\/?product=estanterias-galvanizadas\",\"name\":\"Estanter\u00edas Galvanizadas - Josma Equipamiento\",\"isPartOf\":{\"@id\":\"http:\\\/\\\/josmaequipamiento.es\\\/#website\"},\"primaryImageOfPage\":{\"@id\":\"https:\\\/\\\/josmaequipamiento.es\\\/?product=estanterias-galvanizadas#primaryimage\"},\"image\":{\"@id\":\"https:\\\/\\\/josmaequipamiento.es\\\/?product=estanterias-galvanizadas#primaryimage\"},\"thumbnailUrl\":\"https:\\\/\\\/josmaequipamiento.es\\\/wp-content\\\/uploads\\\/2016\\\/06\\\/est_galv-7.jpg\",\"datePublished\":\"2016-06-24T14:36:58+00:00\",\"dateModified\":\"2016-08-08T14:18:10+00:00\",\"breadcrumb\":{\"@id\":\"https:\\\/\\\/josmaequipamiento.es\\\/?product=estanterias-galvanizadas#breadcrumb\"},\"inLanguage\":\"es\",\"potentialAction\":[{\"@type\":\"ReadAction\",\"target\":[\"https:\\\/\\\/josmaequipamiento.es\\\/?product=estanterias-galvanizadas\"]}]},{\"@type\":\"ImageObject\",\"inLanguage\":\"es\",\"@id\":\"https:\\\/\\\/josmaequipamiento.es\\\/?product=estanterias-galvanizadas#primaryimage\",\"url\":\"https:\\\/\\\/josmaequipamiento.es\\\/wp-content\\\/uploads\\\/2016\\\/06\\\/est_galv-7.jpg\",\"contentUrl\":\"https:\\\/\\\/josmaequipamiento.es\\\/wp-content\\\/uploads\\\/2016\\\/06\\\/est_galv-7.jpg\",\"width\":480,\"height\":498},{\"@type\":\"BreadcrumbList\",\"@id\":\"https:\\\/\\\/josmaequipamiento.es\\\/?product=estanterias-galvanizadas#breadcrumb\",\"itemListElement\":[{\"@type\":\"ListItem\",\"position\":1,\"name\":\"Home\",\"item\":\"http:\\\/\\\/josmaequipamiento.es\\\/\"},{\"@type\":\"ListItem\",\"position\":2,\"name\":\"Productos\",\"item\":\"http:\\\/\\\/josmaequipamiento.es\\\/?page_id=109\"},{\"@type\":\"ListItem\",\"position\":3,\"name\":\"Estanter\u00edas Galvanizadas\"}]},{\"@type\":\"WebSite\",\"@id\":\"http:\\\/\\\/josmaequipamiento.es\\\/#website\",\"url\":\"http:\\\/\\\/josmaequipamiento.es\\\/\",\"name\":\"Josma Equipamiento\",\"description\":\"Todo lo relativo a equipamiento\",\"potentialAction\":[{\"@type\":\"SearchAction\",\"target\":{\"@type\":\"EntryPoint\",\"urlTemplate\":\"http:\\\/\\\/josmaequipamiento.es\\\/?s={search_term_string}\"},\"query-input\":{\"@type\":\"PropertyValueSpecification\",\"valueRequired\":true,\"valueName\":\"search_term_string\"}}],\"inLanguage\":\"es\"}]}<\/script>\n<!-- \/ Yoast SEO plugin. -->","yoast_head_json":{"title":"Estanter\u00edas Galvanizadas - Josma Equipamiento","robots":{"index":"index","follow":"follow","max-snippet":"max-snippet:-1","max-image-preview":"max-image-preview:large","max-video-preview":"max-video-preview:-1"},"canonical":"https:\/\/josmaequipamiento.es\/?product=estanterias-galvanizadas","og_locale":"es_ES","og_type":"article","og_title":"Estanter\u00edas Galvanizadas - Josma Equipamiento","og_description":"Podr\u00edamos decir que la estanter\u00eda es pr\u00e1cticamente inoxidable, lo que la hace perfectamente v\u00e1lida para su uso en c\u00e1maras de fr\u00edo y congelaci\u00f3n.","og_url":"https:\/\/josmaequipamiento.es\/?product=estanterias-galvanizadas","og_site_name":"Josma Equipamiento","article_modified_time":"2016-08-08T14:18:10+00:00","og_image":[{"width":480,"height":498,"url":"https:\/\/josmaequipamiento.es\/wp-content\/uploads\/2016\/06\/est_galv-7.jpg","type":"image\/jpeg"}],"twitter_card":"summary_large_image","twitter_misc":{"Tiempo de lectura":"1 minuto"},"schema":{"@context":"https:\/\/schema.org","@graph":[{"@type":"WebPage","@id":"https:\/\/josmaequipamiento.es\/?product=estanterias-galvanizadas","url":"https:\/\/josmaequipamiento.es\/?product=estanterias-galvanizadas","name":"Estanter\u00edas Galvanizadas - Josma Equipamiento","isPartOf":{"@id":"http:\/\/josmaequipamiento.es\/#website"},"primaryImageOfPage":{"@id":"https:\/\/josmaequipamiento.es\/?product=estanterias-galvanizadas#primaryimage"},"image":{"@id":"https:\/\/josmaequipamiento.es\/?product=estanterias-galvanizadas#primaryimage"},"thumbnailUrl":"https:\/\/josmaequipamiento.es\/wp-content\/uploads\/2016\/06\/est_galv-7.jpg","datePublished":"2016-06-24T14:36:58+00:00","dateModified":"2016-08-08T14:18:10+00:00","breadcrumb":{"@id":"https:\/\/josmaequipamiento.es\/?product=estanterias-galvanizadas#breadcrumb"},"inLanguage":"es","potentialAction":[{"@type":"ReadAction","target":["https:\/\/josmaequipamiento.es\/?product=estanterias-galvanizadas"]}]},{"@type":"ImageObject","inLanguage":"es","@id":"https:\/\/josmaequipamiento.es\/?product=estanterias-galvanizadas#primaryimage","url":"https:\/\/josmaequipamiento.es\/wp-content\/uploads\/2016\/06\/est_galv-7.jpg","contentUrl":"https:\/\/josmaequipamiento.es\/wp-content\/uploads\/2016\/06\/est_galv-7.jpg","width":480,"height":498},{"@type":"BreadcrumbList","@id":"https:\/\/josmaequipamiento.es\/?product=estanterias-galvanizadas#breadcrumb","itemListElement":[{"@type":"ListItem","position":1,"name":"Home","item":"http:\/\/josmaequipamiento.es\/"},{"@type":"ListItem","position":2,"name":"Productos","item":"http:\/\/josmaequipamiento.es\/?page_id=109"},{"@type":"ListItem","position":3,"name":"Estanter\u00edas Galvanizadas"}]},{"@type":"WebSite","@id":"http:\/\/josmaequipamiento.es\/#website","url":"http:\/\/josmaequipamiento.es\/","name":"Josma Equipamiento","description":"Todo lo relativo a equipamiento","potentialAction":[{"@type":"SearchAction","target":{"@type":"EntryPoint","urlTemplate":"http:\/\/josmaequipamiento.es\/?s={search_term_string}"},"query-input":{"@type":"PropertyValueSpecification","valueRequired":true,"valueName":"search_term_string"}}],"inLanguage":"es"}]}},"_links":{"self":[{"href":"https:\/\/josmaequipamiento.es\/index.php?rest_route=\/wp\/v2\/product\/1325","targetHints":{"allow":["GET"]}}],"collection":[{"href":"https:\/\/josmaequipamiento.es\/index.php?rest_route=\/wp\/v2\/product"}],"about":[{"href":"https:\/\/josmaequipamiento.es\/index.php?rest_route=\/wp\/v2\/types\/product"}],"replies":[{"embeddable":true,"href":"https:\/\/josmaequipamiento.es\/index.php?rest_route=%2Fwp%2Fv2%2Fcomments&post=1325"}],"wp:featuredmedia":[{"embeddable":true,"href":"https:\/\/josmaequipamiento.es\/index.php?rest_route=\/wp\/v2\/media\/1326"}],"wp:attachment":[{"href":"https:\/\/josmaequipamiento.es\/index.php?rest_route=%2Fwp%2Fv2%2Fmedia&parent=1325"}],"wp:term":[{"taxonomy":"product_brand","embeddable":true,"href":"https:\/\/josmaequipamiento.es\/index.php?rest_route=%2Fwp%2Fv2%2Fproduct_brand&post=1325"},{"taxonomy":"product_cat","embeddable":true,"href":"https:\/\/josmaequipamiento.es\/index.php?rest_route=%2Fwp%2Fv2%2Fproduct_cat&post=1325"},{"taxonomy":"product_tag","embeddable":true,"href":"https:\/\/josmaequipamiento.es\/index.php?rest_route=%2Fwp%2Fv2%2Fproduct_tag&post=1325"}],"curies":[{"name":"wp","href":"https:\/\/api.w.org\/{rel}","templated":true}]}}