{"id":1349,"date":"2016-06-24T14:58:47","date_gmt":"2016-06-24T14:58:47","guid":{"rendered":"http:\/\/josmaequipamiento.es\/?post_type=product&#038;p=1349"},"modified":"2016-06-24T14:58:47","modified_gmt":"2016-06-24T14:58:47","slug":"estanteria-bandejas-carga-media-plus21","status":"publish","type":"product","link":"https:\/\/josmaequipamiento.es\/?product=estanteria-bandejas-carga-media-plus21","title":{"rendered":"Estanter\u00eda bandejas carga media Plus21"},"content":{"rendered":"<p><span style=\"color: #000000; font-family: Calibri; font-size: medium;\">Las estanter\u00edas met\u00e1licas modelo Plus-21 son la soluci\u00f3n perfecta para el almacenaje ligero si queremos combinar resistencia de carga con elegancia en el dise\u00f1o. M\u00e1xima facilidad en el montaje por no llevar tornillos. <\/span><span style=\"color: #000000; font-family: Calibri; font-size: medium;\">Colores est\u00e1ndar: Blanco. Gris claro. Gris oscuro <\/span><\/p>\n","protected":false},"excerpt":{"rendered":"<p>Las estanter\u00edas met\u00e1licas modelo Plus-21 son la soluci\u00f3n perfecta para el almacenaje ligero si queremos combinar resistencia de carga con elegancia en el dise\u00f1o. M\u00e1xima facilidad en el montaje por no llevar tornillos. Colores est\u00e1ndar: Blanco. Gris claro. Gris oscuro<\/p>\n","protected":false},"featured_media":1355,"comment_status":"open","ping_status":"closed","template":"","meta":{"_et_pb_use_builder":"","_et_pb_old_content":"","_et_gb_content_width":""},"product_brand":[],"product_cat":[90,93],"product_tag":[203],"class_list":{"0":"post-1349","1":"product","2":"type-product","3":"status-publish","4":"has-post-thumbnail","6":"product_cat-estanterias","7":"product_cat-estanterias-almacen","8":"product_tag-almacenaje-industrial","10":"first","11":"instock","12":"shipping-taxable","13":"product-type-simple"},"yoast_head":"<!-- This site is optimized with the Yoast SEO plugin v27.3 - https:\/\/yoast.com\/product\/yoast-seo-wordpress\/ -->\n<title>Estanter\u00eda bandejas carga media Plus21 - Josma Equipamiento<\/title>\n<meta name=\"robots\" content=\"index, follow, max-snippet:-1, max-image-preview:large, max-video-preview:-1\" \/>\n<link rel=\"canonical\" href=\"https:\/\/josmaequipamiento.es\/?product=estanteria-bandejas-carga-media-plus21\" \/>\n<meta property=\"og:locale\" content=\"es_ES\" \/>\n<meta property=\"og:type\" content=\"article\" \/>\n<meta property=\"og:title\" content=\"Estanter\u00eda bandejas carga media Plus21 - Josma Equipamiento\" \/>\n<meta property=\"og:description\" content=\"Las estanter\u00edas met\u00e1licas modelo Plus-21 son la soluci\u00f3n perfecta para el almacenaje ligero si queremos combinar resistencia de carga con elegancia en el dise\u00f1o. M\u00e1xima facilidad en el montaje por no llevar tornillos. Colores est\u00e1ndar: Blanco. Gris claro. Gris oscuro\" \/>\n<meta property=\"og:url\" content=\"https:\/\/josmaequipamiento.es\/?product=estanteria-bandejas-carga-media-plus21\" \/>\n<meta property=\"og:site_name\" content=\"Josma Equipamiento\" \/>\n<meta property=\"og:image\" content=\"https:\/\/josmaequipamiento.es\/wp-content\/uploads\/2016\/06\/est_plus21-4.jpg\" \/>\n\t<meta property=\"og:image:width\" content=\"480\" \/>\n\t<meta property=\"og:image:height\" content=\"640\" \/>\n\t<meta property=\"og:image:type\" content=\"image\/jpeg\" \/>\n<meta name=\"twitter:card\" content=\"summary_large_image\" \/>\n<script type=\"application\/ld+json\" class=\"yoast-schema-graph\">{\"@context\":\"https:\\\/\\\/schema.org\",\"@graph\":[{\"@type\":\"WebPage\",\"@id\":\"https:\\\/\\\/josmaequipamiento.es\\\/?product=estanteria-bandejas-carga-media-plus21\",\"url\":\"https:\\\/\\\/josmaequipamiento.es\\\/?product=estanteria-bandejas-carga-media-plus21\",\"name\":\"Estanter\u00eda bandejas carga media Plus21 - Josma Equipamiento\",\"isPartOf\":{\"@id\":\"http:\\\/\\\/josmaequipamiento.es\\\/#website\"},\"primaryImageOfPage\":{\"@id\":\"https:\\\/\\\/josmaequipamiento.es\\\/?product=estanteria-bandejas-carga-media-plus21#primaryimage\"},\"image\":{\"@id\":\"https:\\\/\\\/josmaequipamiento.es\\\/?product=estanteria-bandejas-carga-media-plus21#primaryimage\"},\"thumbnailUrl\":\"https:\\\/\\\/josmaequipamiento.es\\\/wp-content\\\/uploads\\\/2016\\\/06\\\/est_plus21-4.jpg\",\"datePublished\":\"2016-06-24T14:58:47+00:00\",\"breadcrumb\":{\"@id\":\"https:\\\/\\\/josmaequipamiento.es\\\/?product=estanteria-bandejas-carga-media-plus21#breadcrumb\"},\"inLanguage\":\"es\",\"potentialAction\":[{\"@type\":\"ReadAction\",\"target\":[\"https:\\\/\\\/josmaequipamiento.es\\\/?product=estanteria-bandejas-carga-media-plus21\"]}]},{\"@type\":\"ImageObject\",\"inLanguage\":\"es\",\"@id\":\"https:\\\/\\\/josmaequipamiento.es\\\/?product=estanteria-bandejas-carga-media-plus21#primaryimage\",\"url\":\"https:\\\/\\\/josmaequipamiento.es\\\/wp-content\\\/uploads\\\/2016\\\/06\\\/est_plus21-4.jpg\",\"contentUrl\":\"https:\\\/\\\/josmaequipamiento.es\\\/wp-content\\\/uploads\\\/2016\\\/06\\\/est_plus21-4.jpg\",\"width\":480,\"height\":640},{\"@type\":\"BreadcrumbList\",\"@id\":\"https:\\\/\\\/josmaequipamiento.es\\\/?product=estanteria-bandejas-carga-media-plus21#breadcrumb\",\"itemListElement\":[{\"@type\":\"ListItem\",\"position\":1,\"name\":\"Home\",\"item\":\"http:\\\/\\\/josmaequipamiento.es\\\/\"},{\"@type\":\"ListItem\",\"position\":2,\"name\":\"Productos\",\"item\":\"http:\\\/\\\/josmaequipamiento.es\\\/?page_id=109\"},{\"@type\":\"ListItem\",\"position\":3,\"name\":\"Estanter\u00eda bandejas carga media Plus21\"}]},{\"@type\":\"WebSite\",\"@id\":\"http:\\\/\\\/josmaequipamiento.es\\\/#website\",\"url\":\"http:\\\/\\\/josmaequipamiento.es\\\/\",\"name\":\"Josma Equipamiento\",\"description\":\"Todo lo relativo a equipamiento\",\"potentialAction\":[{\"@type\":\"SearchAction\",\"target\":{\"@type\":\"EntryPoint\",\"urlTemplate\":\"http:\\\/\\\/josmaequipamiento.es\\\/?s={search_term_string}\"},\"query-input\":{\"@type\":\"PropertyValueSpecification\",\"valueRequired\":true,\"valueName\":\"search_term_string\"}}],\"inLanguage\":\"es\"}]}<\/script>\n<!-- \/ Yoast SEO plugin. -->","yoast_head_json":{"title":"Estanter\u00eda bandejas carga media Plus21 - Josma Equipamiento","robots":{"index":"index","follow":"follow","max-snippet":"max-snippet:-1","max-image-preview":"max-image-preview:large","max-video-preview":"max-video-preview:-1"},"canonical":"https:\/\/josmaequipamiento.es\/?product=estanteria-bandejas-carga-media-plus21","og_locale":"es_ES","og_type":"article","og_title":"Estanter\u00eda bandejas carga media Plus21 - Josma Equipamiento","og_description":"Las estanter\u00edas met\u00e1licas modelo Plus-21 son la soluci\u00f3n perfecta para el almacenaje ligero si queremos combinar resistencia de carga con elegancia en el dise\u00f1o. M\u00e1xima facilidad en el montaje por no llevar tornillos. Colores est\u00e1ndar: Blanco. Gris claro. Gris oscuro","og_url":"https:\/\/josmaequipamiento.es\/?product=estanteria-bandejas-carga-media-plus21","og_site_name":"Josma Equipamiento","og_image":[{"width":480,"height":640,"url":"https:\/\/josmaequipamiento.es\/wp-content\/uploads\/2016\/06\/est_plus21-4.jpg","type":"image\/jpeg"}],"twitter_card":"summary_large_image","schema":{"@context":"https:\/\/schema.org","@graph":[{"@type":"WebPage","@id":"https:\/\/josmaequipamiento.es\/?product=estanteria-bandejas-carga-media-plus21","url":"https:\/\/josmaequipamiento.es\/?product=estanteria-bandejas-carga-media-plus21","name":"Estanter\u00eda bandejas carga media Plus21 - Josma Equipamiento","isPartOf":{"@id":"http:\/\/josmaequipamiento.es\/#website"},"primaryImageOfPage":{"@id":"https:\/\/josmaequipamiento.es\/?product=estanteria-bandejas-carga-media-plus21#primaryimage"},"image":{"@id":"https:\/\/josmaequipamiento.es\/?product=estanteria-bandejas-carga-media-plus21#primaryimage"},"thumbnailUrl":"https:\/\/josmaequipamiento.es\/wp-content\/uploads\/2016\/06\/est_plus21-4.jpg","datePublished":"2016-06-24T14:58:47+00:00","breadcrumb":{"@id":"https:\/\/josmaequipamiento.es\/?product=estanteria-bandejas-carga-media-plus21#breadcrumb"},"inLanguage":"es","potentialAction":[{"@type":"ReadAction","target":["https:\/\/josmaequipamiento.es\/?product=estanteria-bandejas-carga-media-plus21"]}]},{"@type":"ImageObject","inLanguage":"es","@id":"https:\/\/josmaequipamiento.es\/?product=estanteria-bandejas-carga-media-plus21#primaryimage","url":"https:\/\/josmaequipamiento.es\/wp-content\/uploads\/2016\/06\/est_plus21-4.jpg","contentUrl":"https:\/\/josmaequipamiento.es\/wp-content\/uploads\/2016\/06\/est_plus21-4.jpg","width":480,"height":640},{"@type":"BreadcrumbList","@id":"https:\/\/josmaequipamiento.es\/?product=estanteria-bandejas-carga-media-plus21#breadcrumb","itemListElement":[{"@type":"ListItem","position":1,"name":"Home","item":"http:\/\/josmaequipamiento.es\/"},{"@type":"ListItem","position":2,"name":"Productos","item":"http:\/\/josmaequipamiento.es\/?page_id=109"},{"@type":"ListItem","position":3,"name":"Estanter\u00eda bandejas carga media Plus21"}]},{"@type":"WebSite","@id":"http:\/\/josmaequipamiento.es\/#website","url":"http:\/\/josmaequipamiento.es\/","name":"Josma Equipamiento","description":"Todo lo relativo a equipamiento","potentialAction":[{"@type":"SearchAction","target":{"@type":"EntryPoint","urlTemplate":"http:\/\/josmaequipamiento.es\/?s={search_term_string}"},"query-input":{"@type":"PropertyValueSpecification","valueRequired":true,"valueName":"search_term_string"}}],"inLanguage":"es"}]}},"_links":{"self":[{"href":"https:\/\/josmaequipamiento.es\/index.php?rest_route=\/wp\/v2\/product\/1349","targetHints":{"allow":["GET"]}}],"collection":[{"href":"https:\/\/josmaequipamiento.es\/index.php?rest_route=\/wp\/v2\/product"}],"about":[{"href":"https:\/\/josmaequipamiento.es\/index.php?rest_route=\/wp\/v2\/types\/product"}],"replies":[{"embeddable":true,"href":"https:\/\/josmaequipamiento.es\/index.php?rest_route=%2Fwp%2Fv2%2Fcomments&post=1349"}],"wp:featuredmedia":[{"embeddable":true,"href":"https:\/\/josmaequipamiento.es\/index.php?rest_route=\/wp\/v2\/media\/1355"}],"wp:attachment":[{"href":"https:\/\/josmaequipamiento.es\/index.php?rest_route=%2Fwp%2Fv2%2Fmedia&parent=1349"}],"wp:term":[{"taxonomy":"product_brand","embeddable":true,"href":"https:\/\/josmaequipamiento.es\/index.php?rest_route=%2Fwp%2Fv2%2Fproduct_brand&post=1349"},{"taxonomy":"product_cat","embeddable":true,"href":"https:\/\/josmaequipamiento.es\/index.php?rest_route=%2Fwp%2Fv2%2Fproduct_cat&post=1349"},{"taxonomy":"product_tag","embeddable":true,"href":"https:\/\/josmaequipamiento.es\/index.php?rest_route=%2Fwp%2Fv2%2Fproduct_tag&post=1349"}],"curies":[{"name":"wp","href":"https:\/\/api.w.org\/{rel}","templated":true}]}}

Estantería bandejas carga media Plus21

<p><span style="color: #000000; font-family: Calibri; font-size: medium;">Las estanterías metálicas modelo Plus-21 son la solución perfecta para el almacenaje ligero si queremos combinar resistencia de carga con elegancia en el diseño. Máxima facilidad en el montaje por no llevar tornillos. </span><span style="color: #000000; font-family: Calibri; font-size: medium;">Colores estándar: Blanco. Gris claro. Gris oscuro </span></p>

<p>Las estanterías metálicas modelo Plus-21 son la solución perfecta para el almacenaje ligero si queremos combinar resistencia de carga con elegancia en el diseño. Máxima facilidad en el montaje por no llevar tornillos. Colores estándar: Blanco. Gris claro. Gris oscuro</p>

<!-- This site is optimized with the Yoast SEO plugin v27.3 - https://yoast.com/product/yoast-seo-wordpress/ -->
<title>Estantería bandejas carga media Plus21 - Josma Equipamiento</title>
<meta name="robots" content="index, follow, max-snippet:-1, max-image-preview:large, max-video-preview:-1" />
<link rel="canonical" href="https://josmaequipamiento.es/?product=estanteria-bandejas-carga-media-plus21" />
<meta property="og:locale" content="es_ES" />
<meta property="og:type" content="article" />
<meta property="og:title" content="Estantería bandejas carga media Plus21 - Josma Equipamiento" />
<meta property="og:description" content="Las estanterías metálicas modelo Plus-21 son la solución perfecta para el almacenaje ligero si queremos combinar resistencia de carga con elegancia en el diseño. Máxima facilidad en el montaje por no llevar tornillos. Colores estándar: Blanco. Gris claro. Gris oscuro" />
<meta property="og:url" content="https://josmaequipamiento.es/?product=estanteria-bandejas-carga-media-plus21" />
<meta property="og:site_name" content="Josma Equipamiento" />
<meta property="og:image" content="https://josmaequipamiento.es/wp-content/uploads/2016/06/est_plus21-4.jpg" />
	<meta property="og:image:width" content="480" />
	<meta property="og:image:height" content="640" />
	<meta property="og:image:type" content="image/jpeg" />
<meta name="twitter:card" content="summary_large_image" />
<script type="application/ld+json" class="yoast-schema-graph">{"@context":"https:\/\/schema.org","@graph":[{"@type":"WebPage","@id":"https:\/\/josmaequipamiento.es\/?product=estanteria-bandejas-carga-media-plus21","url":"https:\/\/josmaequipamiento.es\/?product=estanteria-bandejas-carga-media-plus21","name":"Estantería bandejas carga media Plus21 - Josma Equipamiento","isPartOf":{"@id":"http:\/\/josmaequipamiento.es\/#website"},"primaryImageOfPage":{"@id":"https:\/\/josmaequipamiento.es\/?product=estanteria-bandejas-carga-media-plus21#primaryimage"},"image":{"@id":"https:\/\/josmaequipamiento.es\/?product=estanteria-bandejas-carga-media-plus21#primaryimage"},"thumbnailUrl":"https:\/\/josmaequipamiento.es\/wp-content\/uploads\/2016\/06\/est_plus21-4.jpg","datePublished":"2016-06-24T14:58:47+00:00","breadcrumb":{"@id":"https:\/\/josmaequipamiento.es\/?product=estanteria-bandejas-carga-media-plus21#breadcrumb"},"inLanguage":"es","potentialAction":[{"@type":"ReadAction","target":["https:\/\/josmaequipamiento.es\/?product=estanteria-bandejas-carga-media-plus21"]}]},{"@type":"ImageObject","inLanguage":"es","@id":"https:\/\/josmaequipamiento.es\/?product=estanteria-bandejas-carga-media-plus21#primaryimage","url":"https:\/\/josmaequipamiento.es\/wp-content\/uploads\/2016\/06\/est_plus21-4.jpg","contentUrl":"https:\/\/josmaequipamiento.es\/wp-content\/uploads\/2016\/06\/est_plus21-4.jpg","width":480,"height":640},{"@type":"BreadcrumbList","@id":"https:\/\/josmaequipamiento.es\/?product=estanteria-bandejas-carga-media-plus21#breadcrumb","itemListElement":[{"@type":"ListItem","position":1,"name":"Home","item":"http:\/\/josmaequipamiento.es\/"},{"@type":"ListItem","position":2,"name":"Productos","item":"http:\/\/josmaequipamiento.es\/?page_id=109"},{"@type":"ListItem","position":3,"name":"Estantería bandejas carga media Plus21"}]},{"@type":"WebSite","@id":"http:\/\/josmaequipamiento.es\/#website","url":"http:\/\/josmaequipamiento.es\/","name":"Josma Equipamiento","description":"Todo lo relativo a equipamiento","potentialAction":[{"@type":"SearchAction","target":{"@type":"EntryPoint","urlTemplate":"http:\/\/josmaequipamiento.es\/?s={search_term_string}"},"query-input":{"@type":"PropertyValueSpecification","valueRequired":true,"valueName":"search_term_string"}}],"inLanguage":"es"}]}</script>
<!-- / Yoast SEO plugin. -->

Estantería bandejas carga media Plus21 - Josma Equipamiento

Las estanterías metálicas modelo Plus-21 son la solución perfecta para el almacenaje ligero si queremos combinar resistencia de carga con elegancia en el diseño. Máxima facilidad en el montaje por no llevar tornillos. Colores estándar: Blanco. Gris claro. Gris oscuro
