{"id":2553,"date":"2016-12-29T17:54:18","date_gmt":"2016-12-29T17:54:18","guid":{"rendered":"http:\/\/josmaequipamiento.es\/?post_type=product&#038;p=2553"},"modified":"2016-12-29T17:56:29","modified_gmt":"2016-12-29T17:56:29","slug":"lampara-sobremesa-y-pie-tolomeo","status":"publish","type":"product","link":"https:\/\/josmaequipamiento.es\/?product=lampara-sobremesa-y-pie-tolomeo","title":{"rendered":"L\u00e1mpara sobremesa y pie Tolomeo"},"content":{"rendered":"<p>Tolomeo es una colecci\u00f3n de l\u00e1mparas de alta calidad de dise\u00f1os atractivos y sugerentes.<\/p>\n","protected":false},"excerpt":{"rendered":"<p>Tolomeo es una colecci\u00f3n de l\u00e1mparas de alta calidad de dise\u00f1os atractivos y sugerentes.<\/p>\n","protected":false},"featured_media":2552,"comment_status":"open","ping_status":"closed","template":"","meta":{"_et_pb_use_builder":"","_et_pb_old_content":"","_et_gb_content_width":""},"product_brand":[],"product_cat":[95,100],"product_tag":[211],"class_list":{"0":"post-2553","1":"product","2":"type-product","3":"status-publish","4":"has-post-thumbnail","6":"product_cat-complementos-de-equipamiento","7":"product_cat-iluminacion-sobremesa","8":"product_tag-lamparas","10":"first","11":"instock","12":"shipping-taxable","13":"product-type-simple"},"yoast_head":"<!-- This site is optimized with the Yoast SEO plugin v27.3 - https:\/\/yoast.com\/product\/yoast-seo-wordpress\/ -->\n<title>L\u00e1mpara sobremesa y pie Tolomeo - Josma Equipamiento<\/title>\n<meta name=\"robots\" content=\"index, follow, max-snippet:-1, max-image-preview:large, max-video-preview:-1\" \/>\n<link rel=\"canonical\" href=\"http:\/\/josmaequipamiento.es\/?product=lampara-sobremesa-y-pie-tolomeo\" \/>\n<meta property=\"og:locale\" content=\"es_ES\" \/>\n<meta property=\"og:type\" content=\"article\" \/>\n<meta property=\"og:title\" content=\"L\u00e1mpara sobremesa y pie Tolomeo - Josma Equipamiento\" \/>\n<meta property=\"og:description\" content=\"Tolomeo es una colecci\u00f3n de l\u00e1mparas de alta calidad de dise\u00f1os atractivos y sugerentes.\" \/>\n<meta property=\"og:url\" content=\"http:\/\/josmaequipamiento.es\/?product=lampara-sobremesa-y-pie-tolomeo\" \/>\n<meta property=\"og:site_name\" content=\"Josma Equipamiento\" \/>\n<meta property=\"article:modified_time\" content=\"2016-12-29T17:56:29+00:00\" \/>\n<meta property=\"og:image\" content=\"http:\/\/josmaequipamiento.es\/wp-content\/uploads\/2016\/12\/tolomeo.jpg\" \/>\n\t<meta property=\"og:image:width\" content=\"640\" \/>\n\t<meta property=\"og:image:height\" content=\"480\" \/>\n\t<meta property=\"og:image:type\" content=\"image\/jpeg\" \/>\n<meta name=\"twitter:card\" content=\"summary_large_image\" \/>\n<script type=\"application\/ld+json\" class=\"yoast-schema-graph\">{\"@context\":\"https:\\\/\\\/schema.org\",\"@graph\":[{\"@type\":\"WebPage\",\"@id\":\"http:\\\/\\\/josmaequipamiento.es\\\/?product=lampara-sobremesa-y-pie-tolomeo\",\"url\":\"http:\\\/\\\/josmaequipamiento.es\\\/?product=lampara-sobremesa-y-pie-tolomeo\",\"name\":\"L\u00e1mpara sobremesa y pie Tolomeo - Josma Equipamiento\",\"isPartOf\":{\"@id\":\"http:\\\/\\\/josmaequipamiento.es\\\/#website\"},\"primaryImageOfPage\":{\"@id\":\"http:\\\/\\\/josmaequipamiento.es\\\/?product=lampara-sobremesa-y-pie-tolomeo#primaryimage\"},\"image\":{\"@id\":\"http:\\\/\\\/josmaequipamiento.es\\\/?product=lampara-sobremesa-y-pie-tolomeo#primaryimage\"},\"thumbnailUrl\":\"https:\\\/\\\/josmaequipamiento.es\\\/wp-content\\\/uploads\\\/2016\\\/12\\\/tolomeo.jpg\",\"datePublished\":\"2016-12-29T17:54:18+00:00\",\"dateModified\":\"2016-12-29T17:56:29+00:00\",\"breadcrumb\":{\"@id\":\"http:\\\/\\\/josmaequipamiento.es\\\/?product=lampara-sobremesa-y-pie-tolomeo#breadcrumb\"},\"inLanguage\":\"es\",\"potentialAction\":[{\"@type\":\"ReadAction\",\"target\":[\"http:\\\/\\\/josmaequipamiento.es\\\/?product=lampara-sobremesa-y-pie-tolomeo\"]}]},{\"@type\":\"ImageObject\",\"inLanguage\":\"es\",\"@id\":\"http:\\\/\\\/josmaequipamiento.es\\\/?product=lampara-sobremesa-y-pie-tolomeo#primaryimage\",\"url\":\"https:\\\/\\\/josmaequipamiento.es\\\/wp-content\\\/uploads\\\/2016\\\/12\\\/tolomeo.jpg\",\"contentUrl\":\"https:\\\/\\\/josmaequipamiento.es\\\/wp-content\\\/uploads\\\/2016\\\/12\\\/tolomeo.jpg\",\"width\":640,\"height\":480},{\"@type\":\"BreadcrumbList\",\"@id\":\"http:\\\/\\\/josmaequipamiento.es\\\/?product=lampara-sobremesa-y-pie-tolomeo#breadcrumb\",\"itemListElement\":[{\"@type\":\"ListItem\",\"position\":1,\"name\":\"Home\",\"item\":\"http:\\\/\\\/josmaequipamiento.es\\\/\"},{\"@type\":\"ListItem\",\"position\":2,\"name\":\"Productos\",\"item\":\"http:\\\/\\\/josmaequipamiento.es\\\/?page_id=109\"},{\"@type\":\"ListItem\",\"position\":3,\"name\":\"L\u00e1mpara sobremesa y pie Tolomeo\"}]},{\"@type\":\"WebSite\",\"@id\":\"http:\\\/\\\/josmaequipamiento.es\\\/#website\",\"url\":\"http:\\\/\\\/josmaequipamiento.es\\\/\",\"name\":\"Josma Equipamiento\",\"description\":\"Todo lo relativo a equipamiento\",\"potentialAction\":[{\"@type\":\"SearchAction\",\"target\":{\"@type\":\"EntryPoint\",\"urlTemplate\":\"http:\\\/\\\/josmaequipamiento.es\\\/?s={search_term_string}\"},\"query-input\":{\"@type\":\"PropertyValueSpecification\",\"valueRequired\":true,\"valueName\":\"search_term_string\"}}],\"inLanguage\":\"es\"}]}<\/script>\n<!-- \/ Yoast SEO plugin. -->","yoast_head_json":{"title":"L\u00e1mpara sobremesa y pie Tolomeo - Josma Equipamiento","robots":{"index":"index","follow":"follow","max-snippet":"max-snippet:-1","max-image-preview":"max-image-preview:large","max-video-preview":"max-video-preview:-1"},"canonical":"http:\/\/josmaequipamiento.es\/?product=lampara-sobremesa-y-pie-tolomeo","og_locale":"es_ES","og_type":"article","og_title":"L\u00e1mpara sobremesa y pie Tolomeo - Josma Equipamiento","og_description":"Tolomeo es una colecci\u00f3n de l\u00e1mparas de alta calidad de dise\u00f1os atractivos y sugerentes.","og_url":"http:\/\/josmaequipamiento.es\/?product=lampara-sobremesa-y-pie-tolomeo","og_site_name":"Josma Equipamiento","article_modified_time":"2016-12-29T17:56:29+00:00","og_image":[{"width":640,"height":480,"url":"http:\/\/josmaequipamiento.es\/wp-content\/uploads\/2016\/12\/tolomeo.jpg","type":"image\/jpeg"}],"twitter_card":"summary_large_image","schema":{"@context":"https:\/\/schema.org","@graph":[{"@type":"WebPage","@id":"http:\/\/josmaequipamiento.es\/?product=lampara-sobremesa-y-pie-tolomeo","url":"http:\/\/josmaequipamiento.es\/?product=lampara-sobremesa-y-pie-tolomeo","name":"L\u00e1mpara sobremesa y pie Tolomeo - Josma Equipamiento","isPartOf":{"@id":"http:\/\/josmaequipamiento.es\/#website"},"primaryImageOfPage":{"@id":"http:\/\/josmaequipamiento.es\/?product=lampara-sobremesa-y-pie-tolomeo#primaryimage"},"image":{"@id":"http:\/\/josmaequipamiento.es\/?product=lampara-sobremesa-y-pie-tolomeo#primaryimage"},"thumbnailUrl":"https:\/\/josmaequipamiento.es\/wp-content\/uploads\/2016\/12\/tolomeo.jpg","datePublished":"2016-12-29T17:54:18+00:00","dateModified":"2016-12-29T17:56:29+00:00","breadcrumb":{"@id":"http:\/\/josmaequipamiento.es\/?product=lampara-sobremesa-y-pie-tolomeo#breadcrumb"},"inLanguage":"es","potentialAction":[{"@type":"ReadAction","target":["http:\/\/josmaequipamiento.es\/?product=lampara-sobremesa-y-pie-tolomeo"]}]},{"@type":"ImageObject","inLanguage":"es","@id":"http:\/\/josmaequipamiento.es\/?product=lampara-sobremesa-y-pie-tolomeo#primaryimage","url":"https:\/\/josmaequipamiento.es\/wp-content\/uploads\/2016\/12\/tolomeo.jpg","contentUrl":"https:\/\/josmaequipamiento.es\/wp-content\/uploads\/2016\/12\/tolomeo.jpg","width":640,"height":480},{"@type":"BreadcrumbList","@id":"http:\/\/josmaequipamiento.es\/?product=lampara-sobremesa-y-pie-tolomeo#breadcrumb","itemListElement":[{"@type":"ListItem","position":1,"name":"Home","item":"http:\/\/josmaequipamiento.es\/"},{"@type":"ListItem","position":2,"name":"Productos","item":"http:\/\/josmaequipamiento.es\/?page_id=109"},{"@type":"ListItem","position":3,"name":"L\u00e1mpara sobremesa y pie Tolomeo"}]},{"@type":"WebSite","@id":"http:\/\/josmaequipamiento.es\/#website","url":"http:\/\/josmaequipamiento.es\/","name":"Josma Equipamiento","description":"Todo lo relativo a equipamiento","potentialAction":[{"@type":"SearchAction","target":{"@type":"EntryPoint","urlTemplate":"http:\/\/josmaequipamiento.es\/?s={search_term_string}"},"query-input":{"@type":"PropertyValueSpecification","valueRequired":true,"valueName":"search_term_string"}}],"inLanguage":"es"}]}},"_links":{"self":[{"href":"https:\/\/josmaequipamiento.es\/index.php?rest_route=\/wp\/v2\/product\/2553","targetHints":{"allow":["GET"]}}],"collection":[{"href":"https:\/\/josmaequipamiento.es\/index.php?rest_route=\/wp\/v2\/product"}],"about":[{"href":"https:\/\/josmaequipamiento.es\/index.php?rest_route=\/wp\/v2\/types\/product"}],"replies":[{"embeddable":true,"href":"https:\/\/josmaequipamiento.es\/index.php?rest_route=%2Fwp%2Fv2%2Fcomments&post=2553"}],"wp:featuredmedia":[{"embeddable":true,"href":"https:\/\/josmaequipamiento.es\/index.php?rest_route=\/wp\/v2\/media\/2552"}],"wp:attachment":[{"href":"https:\/\/josmaequipamiento.es\/index.php?rest_route=%2Fwp%2Fv2%2Fmedia&parent=2553"}],"wp:term":[{"taxonomy":"product_brand","embeddable":true,"href":"https:\/\/josmaequipamiento.es\/index.php?rest_route=%2Fwp%2Fv2%2Fproduct_brand&post=2553"},{"taxonomy":"product_cat","embeddable":true,"href":"https:\/\/josmaequipamiento.es\/index.php?rest_route=%2Fwp%2Fv2%2Fproduct_cat&post=2553"},{"taxonomy":"product_tag","embeddable":true,"href":"https:\/\/josmaequipamiento.es\/index.php?rest_route=%2Fwp%2Fv2%2Fproduct_tag&post=2553"}],"curies":[{"name":"wp","href":"https:\/\/api.w.org\/{rel}","templated":true}]}}