{"id":588,"date":"2016-06-10T16:41:23","date_gmt":"2016-06-10T16:41:23","guid":{"rendered":"http:\/\/josmaequipamiento.es\/?post_type=product&#038;p=588"},"modified":"2016-07-19T09:33:15","modified_gmt":"2016-07-19T09:33:15","slug":"mesa-operativa-regulable-skala","status":"publish","type":"product","link":"https:\/\/josmaequipamiento.es\/?product=mesa-operativa-regulable-skala","title":{"rendered":"Mesa Operativa de Altura Ajustable Skala"},"content":{"rendered":"<p><span style=\"color: #000000; font-family: Calibri; font-size: medium;\">El sistema de elevaci\u00f3n el\u00e9ctrica de Skala permite <strong>regular la altura de la tapa para posiciones sit-stand de una forma sencilla y r\u00e1pida<\/strong>, ayudando as\u00ed al usuario a que cambie de postura cada cierto tiempo con simplemente pulsar un bot\u00f3n. Sus potentes y silenciosos motores, que pueden mover tanto mesas individuales como conjuntos de mesa+ala y benchs, est\u00e1n fabricados por Linak, l\u00edder mundial en sistemas de actuadores el\u00e9ctricos. La tecnolog\u00eda de los motores y el dise\u00f1o funcional y operativo del conjunto se ven reforzados por el novedoso software que permite conectar un ordenador al sistema de regulaci\u00f3n el\u00e9ctrica para, de esta forma, accionar el control de la altura y, lo que es m\u00e1s importante, recibir una serie de alertas que invitan al usuario a moverse y a cambiar de postura. Este software reta al usuario para lograr sus objetivos de movimiento en el puesto de trabajo, gracias a las estad\u00edsticas que permite obtener y representar gr\u00e1ficamente. Skala se convierte as\u00ed en la mesa perfecta para espacios din\u00e1micos y creativos y tambi\u00e9n para grupos de trabajo. Su uso est\u00e1 recomendado para puestos tanto operativos como direccionales donde la salud y la productividad son factores indispensables.<\/span><\/p>\n<p><span style=\"color: #000000; font-family: Calibri; font-size: medium;\">\u00a0<\/span><\/p>\n","protected":false},"excerpt":{"rendered":"<p>El sistema de elevaci\u00f3n el\u00e9ctrica de Skala permite regular la altura de la tapa para posiciones sit-stand de una forma sencilla y r\u00e1pida, ayudando as\u00ed al usuario a que cambie de postura cada cierto tiempo con simplemente pulsar un bot\u00f3n. Sus potentes y silenciosos motores, que pueden mover tanto mesas individuales como conjuntos de mesa+ala [&hellip;]<\/p>\n","protected":false},"featured_media":1866,"comment_status":"open","ping_status":"closed","template":"","meta":{"_et_pb_use_builder":"","_et_pb_old_content":"","_et_gb_content_width":""},"product_brand":[],"product_cat":[57,58,60],"product_tag":[173],"class_list":{"0":"post-588","1":"product","2":"type-product","3":"status-publish","4":"has-post-thumbnail","6":"product_cat-espacios-de-trabajo","7":"product_cat-mobiliario-de-oficina","8":"product_cat-operativo","9":"product_tag-mobiliario-puestos-operativos","11":"first","12":"instock","13":"shipping-taxable","14":"product-type-simple"},"yoast_head":"<!-- This site is optimized with the Yoast SEO plugin v27.3 - https:\/\/yoast.com\/product\/yoast-seo-wordpress\/ -->\n<title>Mesa Operativa de Altura Ajustable Skala - Josma Equipamiento<\/title>\n<meta name=\"robots\" content=\"index, follow, max-snippet:-1, max-image-preview:large, max-video-preview:-1\" \/>\n<link rel=\"canonical\" href=\"http:\/\/josmaequipamiento.es\/?product=mesa-operativa-regulable-skala\" \/>\n<meta property=\"og:locale\" content=\"es_ES\" \/>\n<meta property=\"og:type\" content=\"article\" \/>\n<meta property=\"og:title\" content=\"Mesa Operativa de Altura Ajustable Skala - Josma Equipamiento\" \/>\n<meta property=\"og:description\" content=\"El sistema de elevaci\u00f3n el\u00e9ctrica de Skala permite regular la altura de la tapa para posiciones sit-stand de una forma sencilla y r\u00e1pida, ayudando as\u00ed al usuario a que cambie de postura cada cierto tiempo con simplemente pulsar un bot\u00f3n. Sus potentes y silenciosos motores, que pueden mover tanto mesas individuales como conjuntos de mesa+ala [&hellip;]\" \/>\n<meta property=\"og:url\" content=\"http:\/\/josmaequipamiento.es\/?product=mesa-operativa-regulable-skala\" \/>\n<meta property=\"og:site_name\" content=\"Josma Equipamiento\" \/>\n<meta property=\"article:modified_time\" content=\"2016-07-19T09:33:15+00:00\" \/>\n<meta property=\"og:image\" content=\"http:\/\/josmaequipamiento.es\/wp-content\/uploads\/2016\/07\/Skala-1-640x480.jpg\" \/>\n\t<meta property=\"og:image:width\" content=\"640\" \/>\n\t<meta property=\"og:image:height\" content=\"480\" \/>\n\t<meta property=\"og:image:type\" content=\"image\/jpeg\" \/>\n<meta name=\"twitter:card\" content=\"summary_large_image\" \/>\n<meta name=\"twitter:label1\" content=\"Tiempo de lectura\" \/>\n\t<meta name=\"twitter:data1\" content=\"1 minuto\" \/>\n<script type=\"application\/ld+json\" class=\"yoast-schema-graph\">{\"@context\":\"https:\\\/\\\/schema.org\",\"@graph\":[{\"@type\":\"WebPage\",\"@id\":\"http:\\\/\\\/josmaequipamiento.es\\\/?product=mesa-operativa-regulable-skala\",\"url\":\"http:\\\/\\\/josmaequipamiento.es\\\/?product=mesa-operativa-regulable-skala\",\"name\":\"Mesa Operativa de Altura Ajustable Skala - Josma Equipamiento\",\"isPartOf\":{\"@id\":\"http:\\\/\\\/josmaequipamiento.es\\\/#website\"},\"primaryImageOfPage\":{\"@id\":\"http:\\\/\\\/josmaequipamiento.es\\\/?product=mesa-operativa-regulable-skala#primaryimage\"},\"image\":{\"@id\":\"http:\\\/\\\/josmaequipamiento.es\\\/?product=mesa-operativa-regulable-skala#primaryimage\"},\"thumbnailUrl\":\"https:\\\/\\\/josmaequipamiento.es\\\/wp-content\\\/uploads\\\/2016\\\/07\\\/Skala-1-640x480.jpg\",\"datePublished\":\"2016-06-10T16:41:23+00:00\",\"dateModified\":\"2016-07-19T09:33:15+00:00\",\"breadcrumb\":{\"@id\":\"http:\\\/\\\/josmaequipamiento.es\\\/?product=mesa-operativa-regulable-skala#breadcrumb\"},\"inLanguage\":\"es\",\"potentialAction\":[{\"@type\":\"ReadAction\",\"target\":[\"http:\\\/\\\/josmaequipamiento.es\\\/?product=mesa-operativa-regulable-skala\"]}]},{\"@type\":\"ImageObject\",\"inLanguage\":\"es\",\"@id\":\"http:\\\/\\\/josmaequipamiento.es\\\/?product=mesa-operativa-regulable-skala#primaryimage\",\"url\":\"https:\\\/\\\/josmaequipamiento.es\\\/wp-content\\\/uploads\\\/2016\\\/07\\\/Skala-1-640x480.jpg\",\"contentUrl\":\"https:\\\/\\\/josmaequipamiento.es\\\/wp-content\\\/uploads\\\/2016\\\/07\\\/Skala-1-640x480.jpg\",\"width\":640,\"height\":480},{\"@type\":\"BreadcrumbList\",\"@id\":\"http:\\\/\\\/josmaequipamiento.es\\\/?product=mesa-operativa-regulable-skala#breadcrumb\",\"itemListElement\":[{\"@type\":\"ListItem\",\"position\":1,\"name\":\"Home\",\"item\":\"http:\\\/\\\/josmaequipamiento.es\\\/\"},{\"@type\":\"ListItem\",\"position\":2,\"name\":\"Productos\",\"item\":\"http:\\\/\\\/josmaequipamiento.es\\\/?page_id=109\"},{\"@type\":\"ListItem\",\"position\":3,\"name\":\"Mesa Operativa de Altura Ajustable Skala\"}]},{\"@type\":\"WebSite\",\"@id\":\"http:\\\/\\\/josmaequipamiento.es\\\/#website\",\"url\":\"http:\\\/\\\/josmaequipamiento.es\\\/\",\"name\":\"Josma Equipamiento\",\"description\":\"Todo lo relativo a equipamiento\",\"potentialAction\":[{\"@type\":\"SearchAction\",\"target\":{\"@type\":\"EntryPoint\",\"urlTemplate\":\"http:\\\/\\\/josmaequipamiento.es\\\/?s={search_term_string}\"},\"query-input\":{\"@type\":\"PropertyValueSpecification\",\"valueRequired\":true,\"valueName\":\"search_term_string\"}}],\"inLanguage\":\"es\"}]}<\/script>\n<!-- \/ Yoast SEO plugin. -->","yoast_head_json":{"title":"Mesa Operativa de Altura Ajustable Skala - Josma Equipamiento","robots":{"index":"index","follow":"follow","max-snippet":"max-snippet:-1","max-image-preview":"max-image-preview:large","max-video-preview":"max-video-preview:-1"},"canonical":"http:\/\/josmaequipamiento.es\/?product=mesa-operativa-regulable-skala","og_locale":"es_ES","og_type":"article","og_title":"Mesa Operativa de Altura Ajustable Skala - Josma Equipamiento","og_description":"El sistema de elevaci\u00f3n el\u00e9ctrica de Skala permite regular la altura de la tapa para posiciones sit-stand de una forma sencilla y r\u00e1pida, ayudando as\u00ed al usuario a que cambie de postura cada cierto tiempo con simplemente pulsar un bot\u00f3n. Sus potentes y silenciosos motores, que pueden mover tanto mesas individuales como conjuntos de mesa+ala [&hellip;]","og_url":"http:\/\/josmaequipamiento.es\/?product=mesa-operativa-regulable-skala","og_site_name":"Josma Equipamiento","article_modified_time":"2016-07-19T09:33:15+00:00","og_image":[{"width":640,"height":480,"url":"http:\/\/josmaequipamiento.es\/wp-content\/uploads\/2016\/07\/Skala-1-640x480.jpg","type":"image\/jpeg"}],"twitter_card":"summary_large_image","twitter_misc":{"Tiempo de lectura":"1 minuto"},"schema":{"@context":"https:\/\/schema.org","@graph":[{"@type":"WebPage","@id":"http:\/\/josmaequipamiento.es\/?product=mesa-operativa-regulable-skala","url":"http:\/\/josmaequipamiento.es\/?product=mesa-operativa-regulable-skala","name":"Mesa Operativa de Altura Ajustable Skala - Josma Equipamiento","isPartOf":{"@id":"http:\/\/josmaequipamiento.es\/#website"},"primaryImageOfPage":{"@id":"http:\/\/josmaequipamiento.es\/?product=mesa-operativa-regulable-skala#primaryimage"},"image":{"@id":"http:\/\/josmaequipamiento.es\/?product=mesa-operativa-regulable-skala#primaryimage"},"thumbnailUrl":"https:\/\/josmaequipamiento.es\/wp-content\/uploads\/2016\/07\/Skala-1-640x480.jpg","datePublished":"2016-06-10T16:41:23+00:00","dateModified":"2016-07-19T09:33:15+00:00","breadcrumb":{"@id":"http:\/\/josmaequipamiento.es\/?product=mesa-operativa-regulable-skala#breadcrumb"},"inLanguage":"es","potentialAction":[{"@type":"ReadAction","target":["http:\/\/josmaequipamiento.es\/?product=mesa-operativa-regulable-skala"]}]},{"@type":"ImageObject","inLanguage":"es","@id":"http:\/\/josmaequipamiento.es\/?product=mesa-operativa-regulable-skala#primaryimage","url":"https:\/\/josmaequipamiento.es\/wp-content\/uploads\/2016\/07\/Skala-1-640x480.jpg","contentUrl":"https:\/\/josmaequipamiento.es\/wp-content\/uploads\/2016\/07\/Skala-1-640x480.jpg","width":640,"height":480},{"@type":"BreadcrumbList","@id":"http:\/\/josmaequipamiento.es\/?product=mesa-operativa-regulable-skala#breadcrumb","itemListElement":[{"@type":"ListItem","position":1,"name":"Home","item":"http:\/\/josmaequipamiento.es\/"},{"@type":"ListItem","position":2,"name":"Productos","item":"http:\/\/josmaequipamiento.es\/?page_id=109"},{"@type":"ListItem","position":3,"name":"Mesa Operativa de Altura Ajustable Skala"}]},{"@type":"WebSite","@id":"http:\/\/josmaequipamiento.es\/#website","url":"http:\/\/josmaequipamiento.es\/","name":"Josma Equipamiento","description":"Todo lo relativo a equipamiento","potentialAction":[{"@type":"SearchAction","target":{"@type":"EntryPoint","urlTemplate":"http:\/\/josmaequipamiento.es\/?s={search_term_string}"},"query-input":{"@type":"PropertyValueSpecification","valueRequired":true,"valueName":"search_term_string"}}],"inLanguage":"es"}]}},"_links":{"self":[{"href":"https:\/\/josmaequipamiento.es\/index.php?rest_route=\/wp\/v2\/product\/588","targetHints":{"allow":["GET"]}}],"collection":[{"href":"https:\/\/josmaequipamiento.es\/index.php?rest_route=\/wp\/v2\/product"}],"about":[{"href":"https:\/\/josmaequipamiento.es\/index.php?rest_route=\/wp\/v2\/types\/product"}],"replies":[{"embeddable":true,"href":"https:\/\/josmaequipamiento.es\/index.php?rest_route=%2Fwp%2Fv2%2Fcomments&post=588"}],"wp:featuredmedia":[{"embeddable":true,"href":"https:\/\/josmaequipamiento.es\/index.php?rest_route=\/wp\/v2\/media\/1866"}],"wp:attachment":[{"href":"https:\/\/josmaequipamiento.es\/index.php?rest_route=%2Fwp%2Fv2%2Fmedia&parent=588"}],"wp:term":[{"taxonomy":"product_brand","embeddable":true,"href":"https:\/\/josmaequipamiento.es\/index.php?rest_route=%2Fwp%2Fv2%2Fproduct_brand&post=588"},{"taxonomy":"product_cat","embeddable":true,"href":"https:\/\/josmaequipamiento.es\/index.php?rest_route=%2Fwp%2Fv2%2Fproduct_cat&post=588"},{"taxonomy":"product_tag","embeddable":true,"href":"https:\/\/josmaequipamiento.es\/index.php?rest_route=%2Fwp%2Fv2%2Fproduct_tag&post=588"}],"curies":[{"name":"wp","href":"https:\/\/api.w.org\/{rel}","templated":true}]}}