{"id":699,"date":"2016-06-11T15:28:11","date_gmt":"2016-06-11T15:28:11","guid":{"rendered":"http:\/\/josmaequipamiento.es\/?post_type=product&#038;p=699"},"modified":"2016-07-21T10:01:04","modified_gmt":"2016-07-21T10:01:04","slug":"butaca-salon-actos-micra","status":"publish","type":"product","link":"https:\/\/josmaequipamiento.es\/?product=butaca-salon-actos-micra","title":{"rendered":"Butaca Sal\u00f3n Actos Micra"},"content":{"rendered":"<p>Butaca plegable Micra\u00a0sobre barra y pie met\u00e1lico. Soportes laterales fabricados en inyecci\u00f3n de alumnio. El retorno del asiento y plegado de respaldo y apoyabrazos se produce de forma autom\u00e1tica en un solo movimiento al levantarse del asiento. La profundidad del asiento una vez plegado es de 180 mm. Asiento y respaldo est\u00e1n fabricados con el sistema patentado UNIBLOCK, lo que permite un bloque compacto. Acabado con carcasas de polipropileno texturizadas, tambi\u00e9n est\u00e1n disponibles las opciones de tapizado tradicional con funda completa y trasera de madera.<\/p>\n<p><img loading=\"lazy\" decoding=\"async\" class=\"alignnone size-medium wp-image-697\" src=\"http:\/\/josmaequipamiento.es\/wp-content\/uploads\/2016\/06\/micra-6-300x206.jpg\" alt=\"micra 6\" width=\"300\" height=\"206\" \/> <img loading=\"lazy\" decoding=\"async\" class=\"alignnone size-medium wp-image-694\" src=\"http:\/\/josmaequipamiento.es\/wp-content\/uploads\/2016\/06\/15-226x300.jpg\" alt=\"15\" width=\"226\" height=\"300\" \/><\/p>\n","protected":false},"excerpt":{"rendered":"<p>Butaca plegable Micra\u00a0sobre barra y pie met\u00e1lico. Soportes laterales fabricados en inyecci\u00f3n de alumnio. El retorno del asiento y plegado de respaldo y apoyabrazos se produce de forma autom\u00e1tica en un solo movimiento al levantarse del asiento. La profundidad del asiento una vez plegado es de 180 mm. Asiento y respaldo est\u00e1n fabricados con el [&hellip;]<\/p>\n","protected":false},"featured_media":2011,"comment_status":"open","ping_status":"closed","template":"","meta":{"_et_pb_use_builder":"","_et_pb_old_content":"","_et_gb_content_width":""},"product_brand":[],"product_cat":[57,70,64],"product_tag":[181],"class_list":{"0":"post-699","1":"product","2":"type-product","3":"status-publish","4":"has-post-thumbnail","6":"product_cat-espacios-de-trabajo","7":"product_cat-butacas-auditorios-salon-de-actos","8":"product_cat-silleria-de-oficina","9":"product_tag-butacas-salon-de-actos","11":"first","12":"instock","13":"shipping-taxable","14":"product-type-simple"},"yoast_head":"<!-- This site is optimized with the Yoast SEO plugin v27.3 - https:\/\/yoast.com\/product\/yoast-seo-wordpress\/ -->\n<title>Butaca Sal\u00f3n Actos Micra - Josma Equipamiento<\/title>\n<meta name=\"robots\" content=\"index, follow, max-snippet:-1, max-image-preview:large, max-video-preview:-1\" \/>\n<link rel=\"canonical\" href=\"https:\/\/josmaequipamiento.es\/?product=butaca-salon-actos-micra\" \/>\n<meta property=\"og:locale\" content=\"es_ES\" \/>\n<meta property=\"og:type\" content=\"article\" \/>\n<meta property=\"og:title\" content=\"Butaca Sal\u00f3n Actos Micra - Josma Equipamiento\" \/>\n<meta property=\"og:description\" content=\"Butaca plegable Micra\u00a0sobre barra y pie met\u00e1lico. Soportes laterales fabricados en inyecci\u00f3n de alumnio. El retorno del asiento y plegado de respaldo y apoyabrazos se produce de forma autom\u00e1tica en un solo movimiento al levantarse del asiento. La profundidad del asiento una vez plegado es de 180 mm. Asiento y respaldo est\u00e1n fabricados con el [&hellip;]\" \/>\n<meta property=\"og:url\" content=\"https:\/\/josmaequipamiento.es\/?product=butaca-salon-actos-micra\" \/>\n<meta property=\"og:site_name\" content=\"Josma Equipamiento\" \/>\n<meta property=\"article:modified_time\" content=\"2016-07-21T10:01:04+00:00\" \/>\n<meta property=\"og:image\" content=\"https:\/\/josmaequipamiento.es\/wp-content\/uploads\/2016\/06\/3-Micra-1.jpg\" \/>\n\t<meta property=\"og:image:width\" content=\"640\" \/>\n\t<meta property=\"og:image:height\" content=\"480\" \/>\n\t<meta property=\"og:image:type\" content=\"image\/jpeg\" \/>\n<meta name=\"twitter:card\" content=\"summary_large_image\" \/>\n<script type=\"application\/ld+json\" class=\"yoast-schema-graph\">{\"@context\":\"https:\\\/\\\/schema.org\",\"@graph\":[{\"@type\":\"WebPage\",\"@id\":\"https:\\\/\\\/josmaequipamiento.es\\\/?product=butaca-salon-actos-micra\",\"url\":\"https:\\\/\\\/josmaequipamiento.es\\\/?product=butaca-salon-actos-micra\",\"name\":\"Butaca Sal\u00f3n Actos Micra - Josma Equipamiento\",\"isPartOf\":{\"@id\":\"http:\\\/\\\/josmaequipamiento.es\\\/#website\"},\"primaryImageOfPage\":{\"@id\":\"https:\\\/\\\/josmaequipamiento.es\\\/?product=butaca-salon-actos-micra#primaryimage\"},\"image\":{\"@id\":\"https:\\\/\\\/josmaequipamiento.es\\\/?product=butaca-salon-actos-micra#primaryimage\"},\"thumbnailUrl\":\"https:\\\/\\\/josmaequipamiento.es\\\/wp-content\\\/uploads\\\/2016\\\/06\\\/3-Micra-1.jpg\",\"datePublished\":\"2016-06-11T15:28:11+00:00\",\"dateModified\":\"2016-07-21T10:01:04+00:00\",\"breadcrumb\":{\"@id\":\"https:\\\/\\\/josmaequipamiento.es\\\/?product=butaca-salon-actos-micra#breadcrumb\"},\"inLanguage\":\"es\",\"potentialAction\":[{\"@type\":\"ReadAction\",\"target\":[\"https:\\\/\\\/josmaequipamiento.es\\\/?product=butaca-salon-actos-micra\"]}]},{\"@type\":\"ImageObject\",\"inLanguage\":\"es\",\"@id\":\"https:\\\/\\\/josmaequipamiento.es\\\/?product=butaca-salon-actos-micra#primaryimage\",\"url\":\"https:\\\/\\\/josmaequipamiento.es\\\/wp-content\\\/uploads\\\/2016\\\/06\\\/3-Micra-1.jpg\",\"contentUrl\":\"https:\\\/\\\/josmaequipamiento.es\\\/wp-content\\\/uploads\\\/2016\\\/06\\\/3-Micra-1.jpg\",\"width\":640,\"height\":480},{\"@type\":\"BreadcrumbList\",\"@id\":\"https:\\\/\\\/josmaequipamiento.es\\\/?product=butaca-salon-actos-micra#breadcrumb\",\"itemListElement\":[{\"@type\":\"ListItem\",\"position\":1,\"name\":\"Home\",\"item\":\"http:\\\/\\\/josmaequipamiento.es\\\/\"},{\"@type\":\"ListItem\",\"position\":2,\"name\":\"Productos\",\"item\":\"http:\\\/\\\/josmaequipamiento.es\\\/?page_id=109\"},{\"@type\":\"ListItem\",\"position\":3,\"name\":\"Butaca Sal\u00f3n Actos Micra\"}]},{\"@type\":\"WebSite\",\"@id\":\"http:\\\/\\\/josmaequipamiento.es\\\/#website\",\"url\":\"http:\\\/\\\/josmaequipamiento.es\\\/\",\"name\":\"Josma Equipamiento\",\"description\":\"Todo lo relativo a equipamiento\",\"potentialAction\":[{\"@type\":\"SearchAction\",\"target\":{\"@type\":\"EntryPoint\",\"urlTemplate\":\"http:\\\/\\\/josmaequipamiento.es\\\/?s={search_term_string}\"},\"query-input\":{\"@type\":\"PropertyValueSpecification\",\"valueRequired\":true,\"valueName\":\"search_term_string\"}}],\"inLanguage\":\"es\"}]}<\/script>\n<!-- \/ Yoast SEO plugin. -->","yoast_head_json":{"title":"Butaca Sal\u00f3n Actos Micra - Josma Equipamiento","robots":{"index":"index","follow":"follow","max-snippet":"max-snippet:-1","max-image-preview":"max-image-preview:large","max-video-preview":"max-video-preview:-1"},"canonical":"https:\/\/josmaequipamiento.es\/?product=butaca-salon-actos-micra","og_locale":"es_ES","og_type":"article","og_title":"Butaca Sal\u00f3n Actos Micra - Josma Equipamiento","og_description":"Butaca plegable Micra\u00a0sobre barra y pie met\u00e1lico. Soportes laterales fabricados en inyecci\u00f3n de alumnio. El retorno del asiento y plegado de respaldo y apoyabrazos se produce de forma autom\u00e1tica en un solo movimiento al levantarse del asiento. La profundidad del asiento una vez plegado es de 180 mm. Asiento y respaldo est\u00e1n fabricados con el [&hellip;]","og_url":"https:\/\/josmaequipamiento.es\/?product=butaca-salon-actos-micra","og_site_name":"Josma Equipamiento","article_modified_time":"2016-07-21T10:01:04+00:00","og_image":[{"width":640,"height":480,"url":"https:\/\/josmaequipamiento.es\/wp-content\/uploads\/2016\/06\/3-Micra-1.jpg","type":"image\/jpeg"}],"twitter_card":"summary_large_image","schema":{"@context":"https:\/\/schema.org","@graph":[{"@type":"WebPage","@id":"https:\/\/josmaequipamiento.es\/?product=butaca-salon-actos-micra","url":"https:\/\/josmaequipamiento.es\/?product=butaca-salon-actos-micra","name":"Butaca Sal\u00f3n Actos Micra - Josma Equipamiento","isPartOf":{"@id":"http:\/\/josmaequipamiento.es\/#website"},"primaryImageOfPage":{"@id":"https:\/\/josmaequipamiento.es\/?product=butaca-salon-actos-micra#primaryimage"},"image":{"@id":"https:\/\/josmaequipamiento.es\/?product=butaca-salon-actos-micra#primaryimage"},"thumbnailUrl":"https:\/\/josmaequipamiento.es\/wp-content\/uploads\/2016\/06\/3-Micra-1.jpg","datePublished":"2016-06-11T15:28:11+00:00","dateModified":"2016-07-21T10:01:04+00:00","breadcrumb":{"@id":"https:\/\/josmaequipamiento.es\/?product=butaca-salon-actos-micra#breadcrumb"},"inLanguage":"es","potentialAction":[{"@type":"ReadAction","target":["https:\/\/josmaequipamiento.es\/?product=butaca-salon-actos-micra"]}]},{"@type":"ImageObject","inLanguage":"es","@id":"https:\/\/josmaequipamiento.es\/?product=butaca-salon-actos-micra#primaryimage","url":"https:\/\/josmaequipamiento.es\/wp-content\/uploads\/2016\/06\/3-Micra-1.jpg","contentUrl":"https:\/\/josmaequipamiento.es\/wp-content\/uploads\/2016\/06\/3-Micra-1.jpg","width":640,"height":480},{"@type":"BreadcrumbList","@id":"https:\/\/josmaequipamiento.es\/?product=butaca-salon-actos-micra#breadcrumb","itemListElement":[{"@type":"ListItem","position":1,"name":"Home","item":"http:\/\/josmaequipamiento.es\/"},{"@type":"ListItem","position":2,"name":"Productos","item":"http:\/\/josmaequipamiento.es\/?page_id=109"},{"@type":"ListItem","position":3,"name":"Butaca Sal\u00f3n Actos Micra"}]},{"@type":"WebSite","@id":"http:\/\/josmaequipamiento.es\/#website","url":"http:\/\/josmaequipamiento.es\/","name":"Josma Equipamiento","description":"Todo lo relativo a equipamiento","potentialAction":[{"@type":"SearchAction","target":{"@type":"EntryPoint","urlTemplate":"http:\/\/josmaequipamiento.es\/?s={search_term_string}"},"query-input":{"@type":"PropertyValueSpecification","valueRequired":true,"valueName":"search_term_string"}}],"inLanguage":"es"}]}},"_links":{"self":[{"href":"https:\/\/josmaequipamiento.es\/index.php?rest_route=\/wp\/v2\/product\/699","targetHints":{"allow":["GET"]}}],"collection":[{"href":"https:\/\/josmaequipamiento.es\/index.php?rest_route=\/wp\/v2\/product"}],"about":[{"href":"https:\/\/josmaequipamiento.es\/index.php?rest_route=\/wp\/v2\/types\/product"}],"replies":[{"embeddable":true,"href":"https:\/\/josmaequipamiento.es\/index.php?rest_route=%2Fwp%2Fv2%2Fcomments&post=699"}],"wp:featuredmedia":[{"embeddable":true,"href":"https:\/\/josmaequipamiento.es\/index.php?rest_route=\/wp\/v2\/media\/2011"}],"wp:attachment":[{"href":"https:\/\/josmaequipamiento.es\/index.php?rest_route=%2Fwp%2Fv2%2Fmedia&parent=699"}],"wp:term":[{"taxonomy":"product_brand","embeddable":true,"href":"https:\/\/josmaequipamiento.es\/index.php?rest_route=%2Fwp%2Fv2%2Fproduct_brand&post=699"},{"taxonomy":"product_cat","embeddable":true,"href":"https:\/\/josmaequipamiento.es\/index.php?rest_route=%2Fwp%2Fv2%2Fproduct_cat&post=699"},{"taxonomy":"product_tag","embeddable":true,"href":"https:\/\/josmaequipamiento.es\/index.php?rest_route=%2Fwp%2Fv2%2Fproduct_tag&post=699"}],"curies":[{"name":"wp","href":"https:\/\/api.w.org\/{rel}","templated":true}]}}