{"id":845,"date":"2016-06-11T18:49:25","date_gmt":"2016-06-11T18:49:25","guid":{"rendered":"http:\/\/josmaequipamiento.es\/?post_type=product&#038;p=845"},"modified":"2016-07-20T14:51:19","modified_gmt":"2016-07-20T14:51:19","slug":"taburete-ergonomico-regulable-wing","status":"publish","type":"product","link":"https:\/\/josmaequipamiento.es\/?product=taburete-ergonomico-regulable-wing","title":{"rendered":"Taburete ergon\u00f3mico regulable Wing"},"content":{"rendered":"<p><strong>Wing\u2122Balans\u00ae<\/strong><\/p>\n<p>Taburete ergon\u00f3mico Vari\u00e9r\u00ae Wing\u2122Balans\u00ae, regulable<\/p>\n<p>Taburete ergon\u00f3mico con asiento de altura regulable, base con ruedas y apoya rodillas regulable.<\/p>\n<p>Silla o taburete seg\u00fan las exigencias, puede ser regulado desde una altura m\u00ednima de 52 cms hasta una altura m\u00e1xima de 72 cms favoreciendo cada movimiento.<\/p>\n<p>Wing no impone el asiento a \u00e1ngulo recto de las sillas tradicionales de oficina pero s\u00ed ofrece un excelente soporte gracias al apoyo de las rodillas en la posici\u00f3n balans. En este modo el busto est\u00e1 en equilibrio y la columna vertebral puede adoptar su curvatura natural. Con un \u00e1ngulo abierto entre el busto y las costillas se facilita la respiraci\u00f3n y por lo tanto la aportaci\u00f3n de oxigeno.<\/p>\n<p>Las ruedas, adem\u00e1s de hacer de esta silla-taburete id\u00f3nea para trabajos que requieren mucho movimiento, son flexibles, de esta manera responden al peso del cuerpo, inclin\u00e1ndose hacia delante o atr\u00e1s alentando regulares cambios de posici\u00f3n.<\/p>\n<p>Wing balans\u00ae cuenta con un sistema de regulaci\u00f3n de la altura por medio de gas comprimido lo que le permite adaptarse a varias actividades y a escritorios de diversas alturas.<\/p>\n<p>&nbsp;<\/p>\n","protected":false},"excerpt":{"rendered":"<p>Wing\u2122Balans\u00ae Taburete ergon\u00f3mico Vari\u00e9r\u00ae Wing\u2122Balans\u00ae, regulable Taburete ergon\u00f3mico con asiento de altura regulable, base con ruedas y apoya rodillas regulable. Silla o taburete seg\u00fan las exigencias, puede ser regulado desde una altura m\u00ednima de 52 cms hasta una altura m\u00e1xima de 72 cms favoreciendo cada movimiento. Wing no impone el asiento a \u00e1ngulo recto de [&hellip;]<\/p>\n","protected":false},"featured_media":1973,"comment_status":"open","ping_status":"closed","template":"","meta":{"_et_pb_use_builder":"","_et_pb_old_content":"","_et_gb_content_width":""},"product_brand":[],"product_cat":[57,71,64],"product_tag":[187],"class_list":{"0":"post-845","1":"product","2":"type-product","3":"status-publish","4":"has-post-thumbnail","6":"product_cat-espacios-de-trabajo","7":"product_cat-ergonomicas","8":"product_cat-silleria-de-oficina","9":"product_tag-silleria-ergonomica","11":"first","12":"instock","13":"shipping-taxable","14":"product-type-simple"},"yoast_head":"<!-- This site is optimized with the Yoast SEO plugin v27.3 - https:\/\/yoast.com\/product\/yoast-seo-wordpress\/ -->\n<title>Taburete ergon\u00f3mico regulable Wing - Josma Equipamiento<\/title>\n<meta name=\"robots\" content=\"index, follow, max-snippet:-1, max-image-preview:large, max-video-preview:-1\" \/>\n<link rel=\"canonical\" href=\"http:\/\/josmaequipamiento.es\/?product=taburete-ergonomico-regulable-wing\" \/>\n<meta property=\"og:locale\" content=\"es_ES\" \/>\n<meta property=\"og:type\" content=\"article\" \/>\n<meta property=\"og:title\" content=\"Taburete ergon\u00f3mico regulable Wing - Josma Equipamiento\" \/>\n<meta property=\"og:description\" content=\"Wing\u2122Balans\u00ae Taburete ergon\u00f3mico Vari\u00e9r\u00ae Wing\u2122Balans\u00ae, regulable Taburete ergon\u00f3mico con asiento de altura regulable, base con ruedas y apoya rodillas regulable. Silla o taburete seg\u00fan las exigencias, puede ser regulado desde una altura m\u00ednima de 52 cms hasta una altura m\u00e1xima de 72 cms favoreciendo cada movimiento. Wing no impone el asiento a \u00e1ngulo recto de [&hellip;]\" \/>\n<meta property=\"og:url\" content=\"http:\/\/josmaequipamiento.es\/?product=taburete-ergonomico-regulable-wing\" \/>\n<meta property=\"og:site_name\" content=\"Josma Equipamiento\" \/>\n<meta property=\"article:modified_time\" content=\"2016-07-20T14:51:19+00:00\" \/>\n<meta property=\"og:image\" content=\"http:\/\/josmaequipamiento.es\/wp-content\/uploads\/2016\/07\/wing-balans-taburete-640X480.png\" \/>\n\t<meta property=\"og:image:width\" content=\"640\" \/>\n\t<meta property=\"og:image:height\" content=\"480\" \/>\n\t<meta property=\"og:image:type\" content=\"image\/png\" \/>\n<meta name=\"twitter:card\" content=\"summary_large_image\" \/>\n<meta name=\"twitter:label1\" content=\"Tiempo de lectura\" \/>\n\t<meta name=\"twitter:data1\" content=\"1 minuto\" \/>\n<script type=\"application\/ld+json\" class=\"yoast-schema-graph\">{\"@context\":\"https:\\\/\\\/schema.org\",\"@graph\":[{\"@type\":\"WebPage\",\"@id\":\"http:\\\/\\\/josmaequipamiento.es\\\/?product=taburete-ergonomico-regulable-wing\",\"url\":\"http:\\\/\\\/josmaequipamiento.es\\\/?product=taburete-ergonomico-regulable-wing\",\"name\":\"Taburete ergon\u00f3mico regulable Wing - Josma Equipamiento\",\"isPartOf\":{\"@id\":\"http:\\\/\\\/josmaequipamiento.es\\\/#website\"},\"primaryImageOfPage\":{\"@id\":\"http:\\\/\\\/josmaequipamiento.es\\\/?product=taburete-ergonomico-regulable-wing#primaryimage\"},\"image\":{\"@id\":\"http:\\\/\\\/josmaequipamiento.es\\\/?product=taburete-ergonomico-regulable-wing#primaryimage\"},\"thumbnailUrl\":\"https:\\\/\\\/josmaequipamiento.es\\\/wp-content\\\/uploads\\\/2016\\\/07\\\/wing-balans-taburete-640X480.png\",\"datePublished\":\"2016-06-11T18:49:25+00:00\",\"dateModified\":\"2016-07-20T14:51:19+00:00\",\"breadcrumb\":{\"@id\":\"http:\\\/\\\/josmaequipamiento.es\\\/?product=taburete-ergonomico-regulable-wing#breadcrumb\"},\"inLanguage\":\"es\",\"potentialAction\":[{\"@type\":\"ReadAction\",\"target\":[\"http:\\\/\\\/josmaequipamiento.es\\\/?product=taburete-ergonomico-regulable-wing\"]}]},{\"@type\":\"ImageObject\",\"inLanguage\":\"es\",\"@id\":\"http:\\\/\\\/josmaequipamiento.es\\\/?product=taburete-ergonomico-regulable-wing#primaryimage\",\"url\":\"https:\\\/\\\/josmaequipamiento.es\\\/wp-content\\\/uploads\\\/2016\\\/07\\\/wing-balans-taburete-640X480.png\",\"contentUrl\":\"https:\\\/\\\/josmaequipamiento.es\\\/wp-content\\\/uploads\\\/2016\\\/07\\\/wing-balans-taburete-640X480.png\",\"width\":640,\"height\":480},{\"@type\":\"BreadcrumbList\",\"@id\":\"http:\\\/\\\/josmaequipamiento.es\\\/?product=taburete-ergonomico-regulable-wing#breadcrumb\",\"itemListElement\":[{\"@type\":\"ListItem\",\"position\":1,\"name\":\"Home\",\"item\":\"http:\\\/\\\/josmaequipamiento.es\\\/\"},{\"@type\":\"ListItem\",\"position\":2,\"name\":\"Productos\",\"item\":\"http:\\\/\\\/josmaequipamiento.es\\\/?page_id=109\"},{\"@type\":\"ListItem\",\"position\":3,\"name\":\"Taburete ergon\u00f3mico regulable Wing\"}]},{\"@type\":\"WebSite\",\"@id\":\"http:\\\/\\\/josmaequipamiento.es\\\/#website\",\"url\":\"http:\\\/\\\/josmaequipamiento.es\\\/\",\"name\":\"Josma Equipamiento\",\"description\":\"Todo lo relativo a equipamiento\",\"potentialAction\":[{\"@type\":\"SearchAction\",\"target\":{\"@type\":\"EntryPoint\",\"urlTemplate\":\"http:\\\/\\\/josmaequipamiento.es\\\/?s={search_term_string}\"},\"query-input\":{\"@type\":\"PropertyValueSpecification\",\"valueRequired\":true,\"valueName\":\"search_term_string\"}}],\"inLanguage\":\"es\"}]}<\/script>\n<!-- \/ Yoast SEO plugin. -->","yoast_head_json":{"title":"Taburete ergon\u00f3mico regulable Wing - Josma Equipamiento","robots":{"index":"index","follow":"follow","max-snippet":"max-snippet:-1","max-image-preview":"max-image-preview:large","max-video-preview":"max-video-preview:-1"},"canonical":"http:\/\/josmaequipamiento.es\/?product=taburete-ergonomico-regulable-wing","og_locale":"es_ES","og_type":"article","og_title":"Taburete ergon\u00f3mico regulable Wing - Josma Equipamiento","og_description":"Wing\u2122Balans\u00ae Taburete ergon\u00f3mico Vari\u00e9r\u00ae Wing\u2122Balans\u00ae, regulable Taburete ergon\u00f3mico con asiento de altura regulable, base con ruedas y apoya rodillas regulable. Silla o taburete seg\u00fan las exigencias, puede ser regulado desde una altura m\u00ednima de 52 cms hasta una altura m\u00e1xima de 72 cms favoreciendo cada movimiento. Wing no impone el asiento a \u00e1ngulo recto de [&hellip;]","og_url":"http:\/\/josmaequipamiento.es\/?product=taburete-ergonomico-regulable-wing","og_site_name":"Josma Equipamiento","article_modified_time":"2016-07-20T14:51:19+00:00","og_image":[{"width":640,"height":480,"url":"http:\/\/josmaequipamiento.es\/wp-content\/uploads\/2016\/07\/wing-balans-taburete-640X480.png","type":"image\/png"}],"twitter_card":"summary_large_image","twitter_misc":{"Tiempo de lectura":"1 minuto"},"schema":{"@context":"https:\/\/schema.org","@graph":[{"@type":"WebPage","@id":"http:\/\/josmaequipamiento.es\/?product=taburete-ergonomico-regulable-wing","url":"http:\/\/josmaequipamiento.es\/?product=taburete-ergonomico-regulable-wing","name":"Taburete ergon\u00f3mico regulable Wing - Josma Equipamiento","isPartOf":{"@id":"http:\/\/josmaequipamiento.es\/#website"},"primaryImageOfPage":{"@id":"http:\/\/josmaequipamiento.es\/?product=taburete-ergonomico-regulable-wing#primaryimage"},"image":{"@id":"http:\/\/josmaequipamiento.es\/?product=taburete-ergonomico-regulable-wing#primaryimage"},"thumbnailUrl":"https:\/\/josmaequipamiento.es\/wp-content\/uploads\/2016\/07\/wing-balans-taburete-640X480.png","datePublished":"2016-06-11T18:49:25+00:00","dateModified":"2016-07-20T14:51:19+00:00","breadcrumb":{"@id":"http:\/\/josmaequipamiento.es\/?product=taburete-ergonomico-regulable-wing#breadcrumb"},"inLanguage":"es","potentialAction":[{"@type":"ReadAction","target":["http:\/\/josmaequipamiento.es\/?product=taburete-ergonomico-regulable-wing"]}]},{"@type":"ImageObject","inLanguage":"es","@id":"http:\/\/josmaequipamiento.es\/?product=taburete-ergonomico-regulable-wing#primaryimage","url":"https:\/\/josmaequipamiento.es\/wp-content\/uploads\/2016\/07\/wing-balans-taburete-640X480.png","contentUrl":"https:\/\/josmaequipamiento.es\/wp-content\/uploads\/2016\/07\/wing-balans-taburete-640X480.png","width":640,"height":480},{"@type":"BreadcrumbList","@id":"http:\/\/josmaequipamiento.es\/?product=taburete-ergonomico-regulable-wing#breadcrumb","itemListElement":[{"@type":"ListItem","position":1,"name":"Home","item":"http:\/\/josmaequipamiento.es\/"},{"@type":"ListItem","position":2,"name":"Productos","item":"http:\/\/josmaequipamiento.es\/?page_id=109"},{"@type":"ListItem","position":3,"name":"Taburete ergon\u00f3mico regulable Wing"}]},{"@type":"WebSite","@id":"http:\/\/josmaequipamiento.es\/#website","url":"http:\/\/josmaequipamiento.es\/","name":"Josma Equipamiento","description":"Todo lo relativo a equipamiento","potentialAction":[{"@type":"SearchAction","target":{"@type":"EntryPoint","urlTemplate":"http:\/\/josmaequipamiento.es\/?s={search_term_string}"},"query-input":{"@type":"PropertyValueSpecification","valueRequired":true,"valueName":"search_term_string"}}],"inLanguage":"es"}]}},"_links":{"self":[{"href":"https:\/\/josmaequipamiento.es\/index.php?rest_route=\/wp\/v2\/product\/845","targetHints":{"allow":["GET"]}}],"collection":[{"href":"https:\/\/josmaequipamiento.es\/index.php?rest_route=\/wp\/v2\/product"}],"about":[{"href":"https:\/\/josmaequipamiento.es\/index.php?rest_route=\/wp\/v2\/types\/product"}],"replies":[{"embeddable":true,"href":"https:\/\/josmaequipamiento.es\/index.php?rest_route=%2Fwp%2Fv2%2Fcomments&post=845"}],"wp:featuredmedia":[{"embeddable":true,"href":"https:\/\/josmaequipamiento.es\/index.php?rest_route=\/wp\/v2\/media\/1973"}],"wp:attachment":[{"href":"https:\/\/josmaequipamiento.es\/index.php?rest_route=%2Fwp%2Fv2%2Fmedia&parent=845"}],"wp:term":[{"taxonomy":"product_brand","embeddable":true,"href":"https:\/\/josmaequipamiento.es\/index.php?rest_route=%2Fwp%2Fv2%2Fproduct_brand&post=845"},{"taxonomy":"product_cat","embeddable":true,"href":"https:\/\/josmaequipamiento.es\/index.php?rest_route=%2Fwp%2Fv2%2Fproduct_cat&post=845"},{"taxonomy":"product_tag","embeddable":true,"href":"https:\/\/josmaequipamiento.es\/index.php?rest_route=%2Fwp%2Fv2%2Fproduct_tag&post=845"}],"curies":[{"name":"wp","href":"https:\/\/api.w.org\/{rel}","templated":true}]}}